{"id":4088,"date":"2020-04-21T13:57:31","date_gmt":"2020-04-21T11:57:31","guid":{"rendered":"https:\/\/www.jwl.ch\/?page_id=4088"},"modified":"2020-04-21T13:57:31","modified_gmt":"2020-04-21T11:57:31","slug":"rueckblicke-2015","status":"publish","type":"page","link":"https:\/\/www.jwl.ch\/?page_id=4088","title":{"rendered":"R\u00fcckblicke 2015"},"content":{"rendered":"<p><span style=\"float: none;background-color: #ffffff;color: #333333;cursor: text;font-family: Georgia,'Times New Roman','Bitstream Charter',Times,serif;font-size: 16px;font-style: normal;font-variant: normal;font-weight: 400;letter-spacing: normal;text-align: left;text-decoration: none;text-indent: 0px;text-transform: none\">\n\n<div class=\"su-posts su-posts-default-loop \">\n\n\t\n\t\t\t\t\t\n\t\t\t\n\t\t\t<div id=\"su-post-4039\" class=\"su-post \">\n\n\t\t\t\t\n\t\t\t\t<h2 class=\"su-post-title\"><a href=\"https:\/\/www.jwl.ch\/?p=4039\">RB Zunftanlass 2015<\/a><\/h2>\n\n\t\t\t\t<div class=\"su-post-meta\">\n\t\t\t\t\tVer\u00f6ffentlicht: 21. April 2020\t\t\t\t<\/div>\n\n\t\t\t\t<div class=\"su-post-excerpt\">\n\t\t\t\t\t<p>Eine etwas speziellere Gruppenstunde erwartete uns am 24. Januar 2015. Das all-zeit beliebte Turnier mit und gegen die M\u00e4ttli-Zunft. Zum ersten Mal wurde der Event nicht wie jedes Jahr vor &#8230; <a title=\"RB Zunftanlass 2015\" class=\"read-more\" href=\"https:\/\/www.jwl.ch\/?p=4039\" aria-label=\"Mehr Informationen \u00fcber RB Zunftanlass 2015\">Weiterlesen<\/a><\/p>\n\t\t\t\t<\/div>\n\n\t\t\t\t\n\t\t\t<\/div>\n\n\t\t\t\t\t\n\t\t\t\n\t\t\t<div id=\"su-post-4048\" class=\"su-post \">\n\n\t\t\t\t\n\t\t\t\t<h2 class=\"su-post-title\"><a href=\"https:\/\/www.jwl.ch\/?p=4048\">RB Jublaball 2015<\/a><\/h2>\n\n\t\t\t\t<div class=\"su-post-meta\">\n\t\t\t\t\tVer\u00f6ffentlicht: 21. April 2020\t\t\t\t<\/div>\n\n\t\t\t\t<div class=\"su-post-excerpt\">\n\t\t\t\t\t<p>Der Jublaball ist wieder ein fester Bestandteil des Jungwachtjahres geworden. Zu-sammen mit dem Blauring feierten wir am Freitag 6. Februar das letzte Mal zusam-men, bevor es dann am Sonntag ins &#8230; <a title=\"RB Jublaball 2015\" class=\"read-more\" href=\"https:\/\/www.jwl.ch\/?p=4048\" aria-label=\"Mehr Informationen \u00fcber RB Jublaball 2015\">Weiterlesen<\/a><\/p>\n\t\t\t\t<\/div>\n\n\t\t\t\t\n\t\t\t<\/div>\n\n\t\t\t\t\t\n\t\t\t\n\t\t\t<div id=\"su-post-4058\" class=\"su-post \">\n\n\t\t\t\t\n\t\t\t\t<h2 class=\"su-post-title\"><a href=\"https:\/\/www.jwl.ch\/?p=4058\">RB Winterlager 2015<\/a><\/h2>\n\n\t\t\t\t<div class=\"su-post-meta\">\n\t\t\t\t\tVer\u00f6ffentlicht: 21. April 2020\t\t\t\t<\/div>\n\n\t\t\t\t<div class=\"su-post-excerpt\">\n\t\t\t\t\t<p>Lagerbericht Mit \u00fcber 60 gut gelaunten Kindern und Leitungspersonen begab sich die Jungwacht und Blauring Littau Anfangs der Fasnachtsferien ins streng gef\u00fchrte Internat bei R\u00fcschegg Heubach. Doch schon bei der &#8230; <a title=\"RB Winterlager 2015\" class=\"read-more\" href=\"https:\/\/www.jwl.ch\/?p=4058\" aria-label=\"Mehr Informationen \u00fcber RB Winterlager 2015\">Weiterlesen<\/a><\/p>\n\t\t\t\t<\/div>\n\n\t\t\t\t\n\t\t\t<\/div>\n\n\t\t\t\t\t\n\t\t\t\n\t\t\t<div id=\"su-post-4060\" class=\"su-post \">\n\n\t\t\t\t\n\t\t\t\t<h2 class=\"su-post-title\"><a href=\"https:\/\/www.jwl.ch\/?p=4060\">RB Don Bosco 2015<\/a><\/h2>\n\n\t\t\t\t<div class=\"su-post-meta\">\n\t\t\t\t\tVer\u00f6ffentlicht: 21. April 2020\t\t\t\t<\/div>\n\n\t\t\t\t<div class=\"su-post-excerpt\">\n\t\t\t\t\t<p>Unter dem Motto \u201ezusammen sein\u201c (einer der f\u00fcnf Grunds\u00e4tze der Jubla) fand am Samstag 31. Januar 2015 der Don Bosco Gottesdienst zu Ehren des Schutzpatrons und Gr\u00fcnders der Jungwacht statt. &#8230; <a title=\"RB Don Bosco 2015\" class=\"read-more\" href=\"https:\/\/www.jwl.ch\/?p=4060\" aria-label=\"Mehr Informationen \u00fcber RB Don Bosco 2015\">Weiterlesen<\/a><\/p>\n\t\t\t\t<\/div>\n\n\t\t\t\t\n\t\t\t<\/div>\n\n\t\t\t\t\t\n\t\t\t\n\t\t\t<div id=\"su-post-4062\" class=\"su-post \">\n\n\t\t\t\t\n\t\t\t\t<h2 class=\"su-post-title\"><a href=\"https:\/\/www.jwl.ch\/?p=4062\">RB Osterscharanlass 2015<\/a><\/h2>\n\n\t\t\t\t<div class=\"su-post-meta\">\n\t\t\t\t\tVer\u00f6ffentlicht: 21. April 2020\t\t\t\t<\/div>\n\n\t\t\t\t<div class=\"su-post-excerpt\">\n\t\t\t\t\t<p>Der Osterhase hat ein Problem. Seine Eier wurden ihm am Freitag dem 13. geklaut. Sein Nachbar, die freche Gans, sah nur noch wie der Dieb sich aus dem Staub machte. &#8230; <a title=\"RB Osterscharanlass 2015\" class=\"read-more\" href=\"https:\/\/www.jwl.ch\/?p=4062\" aria-label=\"Mehr Informationen \u00fcber RB Osterscharanlass 2015\">Weiterlesen<\/a><\/p>\n\t\t\t\t<\/div>\n\n\t\t\t\t\n\t\t\t<\/div>\n\n\t\t\t\t\t\n\t\t\t\n\t\t\t<div id=\"su-post-4065\" class=\"su-post \">\n\n\t\t\t\t\n\t\t\t\t<h2 class=\"su-post-title\"><a href=\"https:\/\/www.jwl.ch\/?p=4065\">RB Regioteamanlass DSSDS 2015<\/a><\/h2>\n\n\t\t\t\t<div class=\"su-post-meta\">\n\t\t\t\t\tVer\u00f6ffentlicht: 21. April 2020\t\t\t\t<\/div>\n\n\t\t\t\t<div class=\"su-post-excerpt\">\n\t\t\t\t\t<p>Zusammen mit vielen anderen Scharen aus der Umgebung, machten wir uns am 25. April 2015 auf, um die schnellste Schar der Schweiz ausfindig zu machen. Beim Fightgame in unserem heimischen &#8230; <a title=\"RB Regioteamanlass DSSDS 2015\" class=\"read-more\" href=\"https:\/\/www.jwl.ch\/?p=4065\" aria-label=\"Mehr Informationen \u00fcber RB Regioteamanlass DSSDS 2015\">Weiterlesen<\/a><\/p>\n\t\t\t\t<\/div>\n\n\t\t\t\t\n\t\t\t<\/div>\n\n\t\t\t\t\t\n\t\t\t\n\t\t\t<div id=\"su-post-4070\" class=\"su-post \">\n\n\t\t\t\t\n\t\t\t\t<h2 class=\"su-post-title\"><a href=\"https:\/\/www.jwl.ch\/?p=4070\">RB Scharanlass Tribute von Panem 2015<\/a><\/h2>\n\n\t\t\t\t<div class=\"su-post-meta\">\n\t\t\t\t\tVer\u00f6ffentlicht: 21. April 2020\t\t\t\t<\/div>\n\n\t\t\t\t<div class=\"su-post-excerpt\">\n\t\t\t\t\t<p>Eine vollkommen neue Idee? Ein Gel\u00e4ndespiel, das komplett neu erfunden wurde? Und das alles vom Leitungsteam der Jungwacht Littau? Ja, das gibt es! Am 13. Juni 2015 fand passend zum &#8230; <a title=\"RB Scharanlass Tribute von Panem 2015\" class=\"read-more\" href=\"https:\/\/www.jwl.ch\/?p=4070\" aria-label=\"Mehr Informationen \u00fcber RB Scharanlass Tribute von Panem 2015\">Weiterlesen<\/a><\/p>\n\t\t\t\t<\/div>\n\n\t\t\t\t\n\t\t\t<\/div>\n\n\t\t\t\t\t\n\t\t\t\n\t\t\t<div id=\"su-post-4075\" class=\"su-post \">\n\n\t\t\t\t\n\t\t\t\t<h2 class=\"su-post-title\"><a href=\"https:\/\/www.jwl.ch\/?p=4075\">RB Sommerlager 2015<\/a><\/h2>\n\n\t\t\t\t<div class=\"su-post-meta\">\n\t\t\t\t\tVer\u00f6ffentlicht: 21. April 2020\t\t\t\t<\/div>\n\n\t\t\t\t<div class=\"su-post-excerpt\">\n\t\t\t\t\t<p>Trailer: Vor langer Zeit trieb der f\u00fcrchterliche Pirat Edward Teach, besser bekannt als Blackbeard, sein Unwesen. Er und seine Crew raubten und pl\u00fcnderten alles, was ihnen in den Weg kam. &#8230; <a title=\"RB Sommerlager 2015\" class=\"read-more\" href=\"https:\/\/www.jwl.ch\/?p=4075\" aria-label=\"Mehr Informationen \u00fcber RB Sommerlager 2015\">Weiterlesen<\/a><\/p>\n\t\t\t\t<\/div>\n\n\t\t\t\t\n\t\t\t<\/div>\n\n\t\t\t\t\t\n\t\t\t\n\t\t\t<div id=\"su-post-4077\" class=\"su-post \">\n\n\t\t\t\t\n\t\t\t\t<h2 class=\"su-post-title\"><a href=\"https:\/\/www.jwl.ch\/?p=4077\">RB Aktion 72 Stunden 2015<\/a><\/h2>\n\n\t\t\t\t<div class=\"su-post-meta\">\n\t\t\t\t\tVer\u00f6ffentlicht: 21. April 2020\t\t\t\t<\/div>\n\n\t\t\t\t<div class=\"su-post-excerpt\">\n\t\t\t\t\t<p>30&#8217;000 ehrenamtliche Helfer in orangen T-Shirts verteilt in der ganzen Schweiz: Das ist die Aktion 72 Stunden. Am Donnerstag 10. September 2015 um 18:11 Uhr war der Startschuss. W\u00e4hrend drei &#8230; <a title=\"RB Aktion 72 Stunden 2015\" class=\"read-more\" href=\"https:\/\/www.jwl.ch\/?p=4077\" aria-label=\"Mehr Informationen \u00fcber RB Aktion 72 Stunden 2015\">Weiterlesen<\/a><\/p>\n\t\t\t\t<\/div>\n\n\t\t\t\t\n\t\t\t<\/div>\n\n\t\t\t\t\t\n\t\t\t\n\t\t\t<div id=\"su-post-4080\" class=\"su-post \">\n\n\t\t\t\t\n\t\t\t\t<h2 class=\"su-post-title\"><a href=\"https:\/\/www.jwl.ch\/?p=4080\">RB Horrornight 2015<\/a><\/h2>\n\n\t\t\t\t<div class=\"su-post-meta\">\n\t\t\t\t\tVer\u00f6ffentlicht: 21. April 2020\t\t\t\t<\/div>\n\n\t\t\t\t<div class=\"su-post-excerpt\">\n\t\t\t\t\t<p>Es war schon dunkel, die Nacht brach herein und alles war still. Der Nebel verdeckte jegliche Sicht und der Vollmond leuchtete gespenstisch. Die einzigen, die sich unter solchen Umst\u00e4nden am &#8230; <a title=\"RB Horrornight 2015\" class=\"read-more\" href=\"https:\/\/www.jwl.ch\/?p=4080\" aria-label=\"Mehr Informationen \u00fcber RB Horrornight 2015\">Weiterlesen<\/a><\/p>\n\t\t\t\t<\/div>\n\n\t\t\t\t\n\t\t\t<\/div>\n\n\t\t\t\t\t\n\t\t\t\n\t\t\t<div id=\"su-post-4082\" class=\"su-post \">\n\n\t\t\t\t\n\t\t\t\t<h2 class=\"su-post-title\"><a href=\"https:\/\/www.jwl.ch\/?p=4082\">RB Funsportnight 2015<\/a><\/h2>\n\n\t\t\t\t<div class=\"su-post-meta\">\n\t\t\t\t\tVer\u00f6ffentlicht: 21. April 2020\t\t\t\t<\/div>\n\n\t\t\t\t<div class=\"su-post-excerpt\">\n\t\t\t\t\t<p>Am 7. November 2015 trafen wir uns alle in der Turnhalle. Einem Abend voller Spiel und Spass stand also nichts mehr im Weg. Zusammen mit dem Blauring haben wir uns &#8230; <a title=\"RB Funsportnight 2015\" class=\"read-more\" href=\"https:\/\/www.jwl.ch\/?p=4082\" aria-label=\"Mehr Informationen \u00fcber RB Funsportnight 2015\">Weiterlesen<\/a><\/p>\n\t\t\t\t<\/div>\n\n\t\t\t\t\n\t\t\t<\/div>\n\n\t\t\t\t\t\n\t\t\t\n\t\t\t<div id=\"su-post-4085\" class=\"su-post \">\n\n\t\t\t\t\n\t\t\t\t<h2 class=\"su-post-title\"><a href=\"https:\/\/www.jwl.ch\/?p=4085\">RB Regioteamanlass Samichlaus 2015<\/a><\/h2>\n\n\t\t\t\t<div class=\"su-post-meta\">\n\t\t\t\t\tVer\u00f6ffentlicht: 21. April 2020\t\t\t\t<\/div>\n\n\t\t\t\t<div class=\"su-post-excerpt\">\n\t\t\t\t\t<p>Mit dem Bus machten wir uns auf den Weg nach Horw, wo wir auf die anderen Scharen des Regioteams Pilatus stiessen. Zusammen mit dem Blauring Malters, der Jubla Kriens und &#8230; <a title=\"RB Regioteamanlass Samichlaus 2015\" class=\"read-more\" href=\"https:\/\/www.jwl.ch\/?p=4085\" aria-label=\"Mehr Informationen \u00fcber RB Regioteamanlass Samichlaus 2015\">Weiterlesen<\/a><\/p>\n\t\t\t\t<\/div>\n\n\t\t\t\t\n\t\t\t<\/div>\n\n\t\t\n\t\n<\/div>\n<\/span><\/p>\n<p>&nbsp;<\/p>\n","protected":false},"excerpt":{"rendered":"<p>&nbsp;<\/p>\n","protected":false},"author":3,"featured_media":0,"parent":3786,"menu_order":0,"comment_status":"closed","ping_status":"closed","template":"","meta":{"footnotes":""},"class_list":["post-4088","page","type-page","status-publish","hentry"],"aioseo_notices":[],"_links":{"self":[{"href":"https:\/\/www.jwl.ch\/index.php?rest_route=\/wp\/v2\/pages\/4088","targetHints":{"allow":["GET"]}}],"collection":[{"href":"https:\/\/www.jwl.ch\/index.php?rest_route=\/wp\/v2\/pages"}],"about":[{"href":"https:\/\/www.jwl.ch\/index.php?rest_route=\/wp\/v2\/types\/page"}],"author":[{"embeddable":true,"href":"https:\/\/www.jwl.ch\/index.php?rest_route=\/wp\/v2\/users\/3"}],"replies":[{"embeddable":true,"href":"https:\/\/www.jwl.ch\/index.php?rest_route=%2Fwp%2Fv2%2Fcomments&post=4088"}],"version-history":[{"count":1,"href":"https:\/\/www.jwl.ch\/index.php?rest_route=\/wp\/v2\/pages\/4088\/revisions"}],"predecessor-version":[{"id":4089,"href":"https:\/\/www.jwl.ch\/index.php?rest_route=\/wp\/v2\/pages\/4088\/revisions\/4089"}],"up":[{"embeddable":true,"href":"https:\/\/www.jwl.ch\/index.php?rest_route=\/wp\/v2\/pages\/3786"}],"wp:attachment":[{"href":"https:\/\/www.jwl.ch\/index.php?rest_route=%2Fwp%2Fv2%2Fmedia&parent=4088"}],"curies":[{"name":"wp","href":"https:\/\/api.w.org\/{rel}","templated":true}]}}