{"id":2361,"date":"2018-04-29T18:37:29","date_gmt":"2018-04-29T16:37:29","guid":{"rendered":"https:\/\/jwl.raphael-schaerli.ch\/?page_id=2361"},"modified":"2020-04-18T20:51:45","modified_gmt":"2020-04-18T18:51:45","slug":"wila-2018","status":"publish","type":"page","link":"https:\/\/www.jwl.ch\/?page_id=2361","title":{"rendered":"Wila 2018"},"content":{"rendered":"<h2>Lagerbericht<\/h2>\n<p>An einem k\u00fchlen Samstagmorgen traf sich Globi mit Geri Gerster zu einer seiner legend\u00e4ren M\u00e4rchenstunden auf dem Schulhausplatz in Littau. Doch kaum wurde das Buch mit dem vielsagenden Titel \u00abGlobis Herkunft\u00bb aufgeschlagen, musste Geri festellen, dass das Buch voller leerer Seiten war! Entsetzen machte sich auf Globis Gesicht breit. Er wollte doch unbedingt herausfinden, von wo er stammte! Gl\u00fccklicherweise waren unter den Zuh\u00f6rern auch rund 40 Kinder der Jungwacht und dem Blauring Littau, welche sich ohne zu z\u00f6gern dazu entschlossen Globi bei der Suche nach den restlichen Seiten des Buches zu unterst\u00fctzen. Somit tauchten \u00fcber 70 abenteuerlustige Kinder und Leiter der Jungwacht und Blauring Littau ins Buch \u00abGlobis Herkunft\u00bb ein und starteten somit in eine Reise, welche sie an ungeahnte Orte f\u00fchren sollte!<\/p>\n<p>Als Globi beim ber\u00fchmten Apfelschuss bei Willhelm Teill versagte war schnell klar, dass Globi kaum ein Eidgenosse sein kann. Schnell zogen wir weiter zu den Pfadfindern, ins Casino und auch im M\u00e4rchenreich schauten wir vorbei. Doch weiterhin hatten wir keinen Erfolg bei unserer Suche. Nach einem harten Tag im Dienste des Vaterlandes entspannten wir uns bei guter Musik auf der Schmetterlingsinsel und statteten auch den Filmstars in Hollywood einen Besuch ab. Doch keiner konnte uns bei unserem Problem weiterhelfen. Langsam machte sich Ern\u00fcchterung breit und die Frage, ob wir denn Globis Herkunft noch ermitteln k\u00f6nnen, stellte sich immer mehr. Wir w\u00e4ren jedoch nicht die Jubla Littau, wenn wir nicht \u00fcber uns hinauswachsen w\u00fcrden und selbst an den unm\u00f6glichsten Orten weitersuchen w\u00fcrden!<\/p>\n<p>So zog es uns zu den Polarforschern am Nordpol, welche uns vor der kommenden Eiszeit 2030 warnten. Nichts desto trotz nahmen wir an der alle vier Jahren stattfindenden Eskimolympiade teil und entdeckten im ewigen Eis eine Spur, welche uns in den Weltraum f\u00fchrte. Ausser b\u00f6sen Aliens, welche Globi entf\u00fchrten, fanden wir leider auch dort keinen Hinweis auf Globis Herkunft. Nach dem heftigen Kampf gegen die Aliens gingen wir es am n\u00e4chsten Tag etwas ruhiger an und machten uns im Nationalpark auf die Suche nach einem Gesch\u00f6pf, welches Globi \u00e4hnlich sieht. Leider konnten wir bei keinem Tier eine \u00c4hnlichkeit mit Globi erkennen und so zogen wir mit neuem Wissen \u00fcber Recycling und Foodwaste weiter Richtung Zirkus Hungibeii. Nach einem unterhaltsamen Abend im Zirkus entschloss sich Globi den Zirkus auf seiner Tour durch China zu begleiten. In der Hoffnung endlich einen Platz gefunden zu haben, begleiteten wir Globi in den fernen Osten. Doch schnell stellte Globi fest, dass das st\u00e4ndige umherreisen nichts f\u00fcr seine alten Knochen ist und er lieber an einem festen Ort sesshaft werden w\u00fcrde. Somit mussten wir unverrichteter Dinge den R\u00fcckweg nach Littau antreten. Doch das ist nicht weiter schlimm. Durch die vielen Abenteuer, die Globi mit der Jubla erleben durfte wurde schnell klar, dass er wunderbar in diese bunt durchmischte Gruppe reinpasst. Denn egal welcher Herkunft oder Religion du auch bist, in der Jubla hat es f\u00fcr jeden einen Platz!<\/p>\n<p>Zum Schluss m\u00f6chten wir uns bei allen Eltern bedanken, welche ihre Kinder jedes Mal wieder aufs neue animieren in die Gruppenstunden und Lager zu kommen. Auch ein grosses Dankesch\u00f6n geht an das gesamte Leitungs- und K\u00fcchenteam, welche in langen Sitzungen und vielen Stunden Arbeit ein solches Lager \u00fcberhaupt erst erm\u00f6glicht haben. Wie im Info 2 bereits angek\u00fcndigt, wird der Fotoabend am Mittwoch 14.03.2018 ab 19.00 Uhr im Pfarreisaal Littau stattfinden. Wir hoffen auf viele bekannte Gesichter und einen gem\u00fctlichen Abend!<\/p>\n<p>-Simon Fluder<\/p>\n<div class=\"rl-gallery-container rl-loading\" id=\"rl-gallery-container-1\" data-gallery_id=\"3897\"> <div class=\"rl-gallery rl-basicmasonry-gallery \" id=\"rl-gallery-1\" data-gallery_no=\"1\"> <div class=\"rl-gutter-sizer\"><\/div><div class=\"rl-grid-sizer\"><\/div> <div class=\"rl-gallery-item rl-gallery-item-width-4\" > <div class=\"rl-gallery-item-content\"> <a href=\"https:\/\/www.jwl.ch\/wp-content\/uploads\/2020\/04\/Wila_18_1.jpg\" title=\"\" data-rl_title=\"\" class=\"rl-gallery-link\" data-rl_caption=\"\" data-rel=\"lightbox-gallery-1\"><img loading=\"lazy\" decoding=\"async\" src=\"https:\/\/www.jwl.ch\/wp-content\/uploads\/2020\/04\/Wila_18_1.jpg\" width=\"495\" height=\"371\" alt=\"\"\/><\/a> <\/div> <\/div> <div class=\"rl-gallery-item\" > <div class=\"rl-gallery-item-content\"> <a href=\"https:\/\/www.jwl.ch\/wp-content\/uploads\/2020\/04\/Wila_18_2.jpg\" title=\"\" data-rl_title=\"\" class=\"rl-gallery-link\" data-rl_caption=\"\" data-rel=\"lightbox-gallery-1\"><img loading=\"lazy\" decoding=\"async\" src=\"https:\/\/www.jwl.ch\/wp-content\/uploads\/2020\/04\/Wila_18_2.jpg\" width=\"633\" height=\"474\" alt=\"\"\/><\/a> <\/div> <\/div> <div class=\"rl-gallery-item\" > <div class=\"rl-gallery-item-content\"> <a href=\"https:\/\/www.jwl.ch\/wp-content\/uploads\/2020\/04\/Wila_18_3.jpg\" title=\"\" data-rl_title=\"\" class=\"rl-gallery-link\" data-rl_caption=\"\" data-rel=\"lightbox-gallery-1\"><img loading=\"lazy\" decoding=\"async\" src=\"https:\/\/www.jwl.ch\/wp-content\/uploads\/2020\/04\/Wila_18_3.jpg\" width=\"671\" height=\"447\" alt=\"\"\/><\/a> <\/div> <\/div> <\/div> <\/div>\n<h2>Tagesr\u00fcckblick<\/h2>\n\n\n<div class=\"su-posts su-posts-default-loop \">\n\n\t\n\t\t\t\t\t\n\t\t\t\n\t\t\t<div id=\"su-post-294\" class=\"su-post \">\n\n\t\t\t\t\n\t\t\t\t<h2 class=\"su-post-title\"><a href=\"https:\/\/www.jwl.ch\/?p=294\">03.02.2018, Samstag<\/a><\/h2>\n\n\t\t\t\t<div class=\"su-post-meta\">\n\t\t\t\t\tVer\u00f6ffentlicht: 3. Februar 2018\t\t\t\t<\/div>\n\n\t\t\t\t<div class=\"su-post-excerpt\">\n\t\t\t\t\t<p>Sch\u00fcttel die Hand und schwenk den Hut So geh\u00f6rt es sich wenn man gr\u00fcssen tut. Er sieht und erkennt sie schnell Walterli und Wilhelm Tell. Hat die Armbrust immer bereit &#8230; <a title=\"03.02.2018, Samstag\" class=\"read-more\" href=\"https:\/\/www.jwl.ch\/?p=294\" aria-label=\"Mehr Informationen \u00fcber 03.02.2018, Samstag\">Weiterlesen<\/a><\/p>\n\t\t\t\t<\/div>\n\n\t\t\t\t\n\t\t\t<\/div>\n\n\t\t\t\t\t\n\t\t\t\n\t\t\t<div id=\"su-post-295\" class=\"su-post \">\n\n\t\t\t\t\n\t\t\t\t<h2 class=\"su-post-title\"><a href=\"https:\/\/www.jwl.ch\/?p=295\">04.02.2018, Sonntag<\/a><\/h2>\n\n\t\t\t\t<div class=\"su-post-meta\">\n\t\t\t\t\tVer\u00f6ffentlicht: 4. Februar 2018\t\t\t\t<\/div>\n\n\t\t\t\t<div class=\"su-post-excerpt\">\n\t\t\t\t\t<p>Im Gel\u00e4nde sich auskennen sollte Jeder der in die Pfadi wollte. Mit der Karte und dem Kompass Erklimmt man schliesslich jeden Pass. In der Mittagspause wird entdeckt Jemand hat ein &#8230; <a title=\"04.02.2018, Sonntag\" class=\"read-more\" href=\"https:\/\/www.jwl.ch\/?p=295\" aria-label=\"Mehr Informationen \u00fcber 04.02.2018, Sonntag\">Weiterlesen<\/a><\/p>\n\t\t\t\t<\/div>\n\n\t\t\t\t\n\t\t\t<\/div>\n\n\t\t\t\t\t\n\t\t\t\n\t\t\t<div id=\"su-post-296\" class=\"su-post \">\n\n\t\t\t\t\n\t\t\t\t<h2 class=\"su-post-title\"><a href=\"https:\/\/www.jwl.ch\/?p=296\">05.02.2018, Montag<\/a><\/h2>\n\n\t\t\t\t<div class=\"su-post-meta\">\n\t\t\t\t\tVer\u00f6ffentlicht: 5. Februar 2018\t\t\t\t<\/div>\n\n\t\t\t\t<div class=\"su-post-excerpt\">\n\t\t\t\t\t<p>Gem\u00fctlich spaziert Globi durchs M\u00e4rlireich Zusammen mit Ginj oder einem Scheich. Und auf einmal ach du Schreck Kommt ein Einhorn um die Eck. Weiter geht die lange Reise Doch wohin, &#8230; <a title=\"05.02.2018, Montag\" class=\"read-more\" href=\"https:\/\/www.jwl.ch\/?p=296\" aria-label=\"Mehr Informationen \u00fcber 05.02.2018, Montag\">Weiterlesen<\/a><\/p>\n\t\t\t\t<\/div>\n\n\t\t\t\t\n\t\t\t<\/div>\n\n\t\t\t\t\t\n\t\t\t\n\t\t\t<div id=\"su-post-297\" class=\"su-post \">\n\n\t\t\t\t\n\t\t\t\t<h2 class=\"su-post-title\"><a href=\"https:\/\/www.jwl.ch\/?p=297\">06.02.2018, Dienstag<\/a><\/h2>\n\n\t\t\t\t<div class=\"su-post-meta\">\n\t\t\t\t\tVer\u00f6ffentlicht: 7. Februar 2018\t\t\t\t<\/div>\n\n\t\t\t\t<div class=\"su-post-excerpt\">\n\t\t\t\t\t<p>Mit seinem Boot will Globi der Pinsel M\u00f6glichst schnell auf die Schmetterlingsinsel. Er m\u00f6chte liegen auf der faulen Haut Darum durch das Teleskop er schaut. Schon von weitem im grellen &#8230; <a title=\"06.02.2018, Dienstag\" class=\"read-more\" href=\"https:\/\/www.jwl.ch\/?p=297\" aria-label=\"Mehr Informationen \u00fcber 06.02.2018, Dienstag\">Weiterlesen<\/a><\/p>\n\t\t\t\t<\/div>\n\n\t\t\t\t\n\t\t\t<\/div>\n\n\t\t\t\t\t\n\t\t\t\n\t\t\t<div id=\"su-post-298\" class=\"su-post \">\n\n\t\t\t\t\n\t\t\t\t<h2 class=\"su-post-title\"><a href=\"https:\/\/www.jwl.ch\/?p=298\">07.02.2018, Mittwoch<\/a><\/h2>\n\n\t\t\t\t<div class=\"su-post-meta\">\n\t\t\t\t\tVer\u00f6ffentlicht: 8. Februar 2018\t\t\t\t<\/div>\n\n\t\t\t\t<div class=\"su-post-excerpt\">\n\t\t\t\t\t<p>Fr\u00f6hlich dreht Globi seine Runden Gezogen von seinen Schlittenhunden. Auf seinem Gef\u00e4hrt reist er geschwind Richtung Norden im Gegenwind. Rudern, paddeln und h\u00fcpfen Dabei einen Eisb\u00e4r ins Wasser sch\u00fcpfen. Iglus &#8230; <a title=\"07.02.2018, Mittwoch\" class=\"read-more\" href=\"https:\/\/www.jwl.ch\/?p=298\" aria-label=\"Mehr Informationen \u00fcber 07.02.2018, Mittwoch\">Weiterlesen<\/a><\/p>\n\t\t\t\t<\/div>\n\n\t\t\t\t\n\t\t\t<\/div>\n\n\t\t\t\t\t\n\t\t\t\n\t\t\t<div id=\"su-post-299\" class=\"su-post \">\n\n\t\t\t\t\n\t\t\t\t<h2 class=\"su-post-title\"><a href=\"https:\/\/www.jwl.ch\/?p=299\">08.02.2018, Donnerstag<\/a><\/h2>\n\n\t\t\t\t<div class=\"su-post-meta\">\n\t\t\t\t\tVer\u00f6ffentlicht: 8. Februar 2018\t\t\t\t<\/div>\n\n\t\t\t\t<div class=\"su-post-excerpt\">\n\t\t\t\t\t<p>Im Nationalpark ist Recycling-Tag Bekanntlich dies nicht jeder mag. Nachdenklich Globi in die Ferne schaut Und dabei ein Kaugummi kaut. Papierchen, Flasche oder Speck Aufgenommen wird der Dreck. Auch wenn &#8230; <a title=\"08.02.2018, Donnerstag\" class=\"read-more\" href=\"https:\/\/www.jwl.ch\/?p=299\" aria-label=\"Mehr Informationen \u00fcber 08.02.2018, Donnerstag\">Weiterlesen<\/a><\/p>\n\t\t\t\t<\/div>\n\n\t\t\t\t\n\t\t\t<\/div>\n\n\t\t\t\t\t\n\t\t\t\n\t\t\t<div id=\"su-post-300\" class=\"su-post \">\n\n\t\t\t\t\n\t\t\t\t<h2 class=\"su-post-title\"><a href=\"https:\/\/www.jwl.ch\/?p=300\">09.02.2018, Freitag<\/a><\/h2>\n\n\t\t\t\t<div class=\"su-post-meta\">\n\t\t\t\t\tVer\u00f6ffentlicht: 9. Februar 2018\t\t\t\t<\/div>\n\n\t\t\t\t<div class=\"su-post-excerpt\">\n\t\t\t\t\t<p>In den fernen Osten ist Globi gereist Da er gerne Nudeln verspeist. Nudeln kochen ist echt schwer Wo kommt der ganze Teig nur her? Mit den St\u00e4bli essen kann er &#8230; <a title=\"09.02.2018, Freitag\" class=\"read-more\" href=\"https:\/\/www.jwl.ch\/?p=300\" aria-label=\"Mehr Informationen \u00fcber 09.02.2018, Freitag\">Weiterlesen<\/a><\/p>\n\t\t\t\t<\/div>\n\n\t\t\t\t\n\t\t\t<\/div>\n\n\t\t\n\t\n<\/div>\n\n","protected":false},"excerpt":{"rendered":"<p>Ort: Schwanden bei Sigriswil (Kt. Bern)<br \/>\nLagerleitung: Simon Fluder, Robin Chevalley, Flavia Rebsamen<br \/>\nMotto: Globis Herkunft<\/p>\n","protected":false},"author":1,"featured_media":0,"parent":1648,"menu_order":0,"comment_status":"closed","ping_status":"closed","template":"","meta":{"footnotes":""},"class_list":["post-2361","page","type-page","status-publish","hentry"],"aioseo_notices":[],"_links":{"self":[{"href":"https:\/\/www.jwl.ch\/index.php?rest_route=\/wp\/v2\/pages\/2361","targetHints":{"allow":["GET"]}}],"collection":[{"href":"https:\/\/www.jwl.ch\/index.php?rest_route=\/wp\/v2\/pages"}],"about":[{"href":"https:\/\/www.jwl.ch\/index.php?rest_route=\/wp\/v2\/types\/page"}],"author":[{"embeddable":true,"href":"https:\/\/www.jwl.ch\/index.php?rest_route=\/wp\/v2\/users\/1"}],"replies":[{"embeddable":true,"href":"https:\/\/www.jwl.ch\/index.php?rest_route=%2Fwp%2Fv2%2Fcomments&post=2361"}],"version-history":[{"count":8,"href":"https:\/\/www.jwl.ch\/index.php?rest_route=\/wp\/v2\/pages\/2361\/revisions"}],"predecessor-version":[{"id":3902,"href":"https:\/\/www.jwl.ch\/index.php?rest_route=\/wp\/v2\/pages\/2361\/revisions\/3902"}],"up":[{"embeddable":true,"href":"https:\/\/www.jwl.ch\/index.php?rest_route=\/wp\/v2\/pages\/1648"}],"wp:attachment":[{"href":"https:\/\/www.jwl.ch\/index.php?rest_route=%2Fwp%2Fv2%2Fmedia&parent=2361"}],"curies":[{"name":"wp","href":"https:\/\/api.w.org\/{rel}","templated":true}]}}