{"id":2341,"date":"2017-04-29T14:17:46","date_gmt":"2017-04-29T12:17:46","guid":{"rendered":"https:\/\/jwl.raphael-schaerli.ch\/?page_id=2341"},"modified":"2020-04-18T21:37:40","modified_gmt":"2020-04-18T19:37:40","slug":"wila-2017","status":"publish","type":"page","link":"https:\/\/www.jwl.ch\/?page_id=2341","title":{"rendered":"Wila 2017"},"content":{"rendered":"<h4>Lagerbericht<\/h4>\n<p>Als wir uns auf die Suche nach dem Geisterhaus begaben, waren wir bereits voller Tatendrang. Anschliessend erlebten wir in einer ereignisreichen Woche viel Spiel und Spass zusammen mit dem Blauring. Das Lagerhaus hat uns daf\u00fcr verschiedenste R\u00e4umlichkeiten geboten. Ein cooler Spielraum mit Tischfussball, Billard und Tischtennis, der Ess- und Aufenthaltsraum mit Sofas, oder die diversen Schlafzimmer. Auch einen Spielplatz und eine Feuerstelle gab es draussen. Was will man also mehr? Durch verschiedenen Erlebnisse draussen, wie sportliche Postenl\u00e4ufe, kampfbetonte Wettk\u00e4mpfe oder ein Spielturnier fanden wir immer eine ideale Besch\u00e4ftigung. Auch dank der St\u00e4rkungen des K\u00fcchenteams waren wir immer guter Laune und bereit f\u00fcr die kommenden Taten.<\/p>\n<p>Am diesj\u00e4hrigen Ausflugstag sind wir nach Schwarzenberg gewandert. In der Turnhalle konnten wir dann Spiele machen. Dank den Turnger\u00e4ten waren die M\u00f6glichkeiten beinahe Grenzenlos.\u00a0 Nach einer tollen Woche bei gutem Wetter reisten wir dann schliesslich ersch\u00f6pft mit Bus und der Bahn nach Hause<strong>.<\/strong><\/p>\n<p>Robin Chevalley<\/p>\n<div class=\"rl-gallery-container rl-loading\" id=\"rl-gallery-container-1\" data-gallery_id=\"3951\"> <div class=\"rl-gallery rl-basicmasonry-gallery \" id=\"rl-gallery-1\" data-gallery_no=\"1\"> <div class=\"rl-gutter-sizer\"><\/div><div class=\"rl-grid-sizer\"><\/div> <div class=\"rl-gallery-item rl-gallery-item-width-4\" > <div class=\"rl-gallery-item-content\"> <a href=\"https:\/\/www.jwl.ch\/wp-content\/uploads\/2020\/04\/wila_17_1.jpg\" title=\"\" data-rl_title=\"\" class=\"rl-gallery-link\" data-rl_caption=\"\" data-rel=\"lightbox-gallery-1\"><img loading=\"lazy\" decoding=\"async\" src=\"https:\/\/www.jwl.ch\/wp-content\/uploads\/2020\/04\/wila_17_1.jpg\" width=\"564\" height=\"376\" alt=\"\"\/><\/a> <\/div> <\/div> <div class=\"rl-gallery-item\" > <div class=\"rl-gallery-item-content\"> <a href=\"https:\/\/www.jwl.ch\/wp-content\/uploads\/2020\/04\/wila_17_2.jpg\" title=\"\" data-rl_title=\"\" class=\"rl-gallery-link\" data-rl_caption=\"\" data-rel=\"lightbox-gallery-1\"><img loading=\"lazy\" decoding=\"async\" src=\"https:\/\/www.jwl.ch\/wp-content\/uploads\/2020\/04\/wila_17_2.jpg\" width=\"567\" height=\"378\" alt=\"\"\/><\/a> <\/div> <\/div> <div class=\"rl-gallery-item\" > <div class=\"rl-gallery-item-content\"> <a href=\"https:\/\/www.jwl.ch\/wp-content\/uploads\/2020\/04\/wila_17_3.jpg\" title=\"\" data-rl_title=\"\" class=\"rl-gallery-link\" data-rl_caption=\"\" data-rel=\"lightbox-gallery-1\"><img loading=\"lazy\" decoding=\"async\" src=\"https:\/\/www.jwl.ch\/wp-content\/uploads\/2020\/04\/wila_17_3.jpg\" width=\"578\" height=\"385\" alt=\"\"\/><\/a> <\/div> <\/div> <\/div> <\/div>\n<p>&nbsp;<\/p>\n<h2>SO, 19.02.2017<\/h2>\n<p>Mit voller Abenteuerlust und Tatendrang machten wir uns heute Morgen auf die Suche nach dem Geisterhaus. Dank eines Tipps des Informanten war das Finden des Lagerhauses nicht schwer. Nachdem wir uns eingerichtet und ein St\u00e4rkung zu uns genommen haben, konnten unsere kleinen Geisterj\u00e4ger am Nachmittag ihr K\u00f6nnen bei diversen V\u00f6lkiarten unter Beweis stellen. Am Abend durften die kleinen Geisterj\u00e4ger uns erfahrenen F\u00e4nger etwas besser kennen lernen. Nach einem strengen ersten Tag gingen alle ersch\u00f6pft schlafen.<\/p>\n<h2>MO, 20.02.2017<\/h2>\n<p>Nachdem die kleinen Geisterj\u00e4ger den ersten Tag mit Bravour\u00a0\u00fcberstanden haben, waren sie in der Nacht immer noch aktiv am\u00a0Geister\u00a0jagen. Nicht zur Freude\u00a0der Leitenden. Jedoch konnten wir am Morgen ein erfolgreiches Spielturnier absolvieren, indem sich die Kids beim Blachenvolley, Brennball oder Velofussball duellieren konnten. Dank einer\u00a0St\u00e4rkung durch ein feines Mittagessen der K\u00fcche, konnten die Jungen und M\u00e4dchen Fakten \u00fcber das Thema Ern\u00e4hrung erfahren. H\u00e4ttest du gedacht, dass ein Straussenei 40 min. braucht bis es gekocht\u00a0ist?<\/p>\n<p>Nach diesem spannenden Nachmittag, dem gourmetm\u00e4ssigen\u00a0Pilzrisotto und dem Finden eines wichtigen Hinweises, wo sich ein Geist im Haus aufh\u00e4lt, passierte vor dem Abendprogramm folgendes. Pl\u00f6tzlich schwebte ein Geist durch den Aufenthaltsraum, welcher jedoch durch den Einsatz von zwei Geisterj\u00e4gern rasch eingefangen werden konnte. Somit ist der erste Geist von vielen gefangen. Durch dieses kleine Erfolgserlebnis konnten sich die Geisterj\u00e4ger Praktikanten bei verschiedenen Spielen wie UNO, Montagsmaler oder am\u00a0Ping-Pong Tisch\u00a0vergn\u00fcgen.<\/p>\n<div class=\"item-separator\"><\/div>\n<div class=\"items-row cols-1 row-10\"><\/div>\n<div class=\"items-row cols-1 row-11\">\n<div class=\"item column-1\">\n<h2>DI, 21.02.2017<\/h2>\n<p>Am Morgen bastelten die Praktikanten ihre eigene Geisterfangmaschine. Bei weiteren kreativen Posten wie bei einem Geistervertreibungstanz hatten wir viel Spiel und Spass. Um bei der Geisterjagt einen k\u00fchlen Kopf zu bewahren, lernten sie zudem verschiedene Entspannungs\u00fcbungen beim Yogaposten. Auf das Mittagessen folgte die erste grosse Pr\u00fcfung. Die kleinen Geisterj\u00e4ger probten draussen einen Ernstfall, falls es zu einer Geisterapokalypse kommen w\u00fcrde. Dies haben sie sehr gut gemeistert. Dabei haben wir einen weiteren Hinweis erhalten, welcher uns verr\u00e4t, wo sich wieder ein Geist im Haus befindet. Nach diesem anstrengenden Tag liessen wir den Abend mit Gruppenstunden in den Altersgruppen ausklingen.<\/p>\n<\/div>\n<\/div>\n<h2>MI, 22.02.2017<\/h2>\n<p>W\u00e4hrend dem Morgenessen\u00a0flackerte pl\u00f6tzlich das Licht und wir fanden einen interessanten Hinweis, welcher uns\u00a0Richtung Black\u00a0Mountain f\u00fchrte. Auch wenn die Wanderungsbedingungen nicht optimal waren, sind wir wohlauf bei der Geisterj\u00e4gerarena angekommen.\u00a0In der Arena bauten unsere Lehrlinge Tarnbauten, trainierten ihre Kondition beim Brennball und verbesserten ihre Treffsicherheit beim V\u00f6lki.\u00a0Um\u00a0den\u00a0heutigen\u00a0Geist ausfindig zu machen, mussten alle Spiele in der Arena\u00a0mit Bravour\u00a0\u00fcberstanden werden. Dies war nat\u00fcrlich f\u00fcr unsere Geisterj\u00e4ger kein Problem. Zur\u00fcck im Geisterhaus fanden die Geisterj\u00e4ger den Geist mit Hilfe einer Finkenlinie. Da dieser Tag nerven- und schweissauftreiben war, gingen alle unter die Dusche.<\/p>\n<p>Nach einem gem\u00fctlichen Filmabend mit Popcorn viele alle hundem\u00fcde ins Bett.<\/p>\n<p>&nbsp;<\/p>\n<h2>DO, 24.02.2017<\/h2>\n<p>Der heutige Tag begann gem\u00fctlich mit Gruppenstunden. Nach feinen Hamburgern konnten die kleinen Geisterj\u00e4ger mit voller Power ans Nachmittagsprogramm gehen. Das beinhaltete, wie man in freier Natur ein kleines Zelt f\u00fcr \u00dcbernachtungen baut, wie man Kn\u00f6pfe mit Seilen machen kann und wie ein kleines Sarasani aufgebaut wird. Nach dem Abendessen kam pl\u00f6tzlich die Nachricht, dass man einen Poltergeist gesichtet hat. Als wir dabei waren den Geist einzufangen, bemerkten wir, dass unsere Geistereinfangmaschinen keinen Sprit mehr hatten. So verschwand der Geist im Haus. Nun hiess es, so schnell wie m\u00f6glich Sprit herzustellen. Die Zutaten\u00a0wurden durch verschiedene Games mit vollem K\u00f6rpereinsatz gesammelt. Durch zusammenf\u00fcgen der zwei Zutaten Uran und Radium laufen unsere Maschinen\u00a0wieder und wir hoffen, den Poltergeist morgen zu finden und einzufangen.<\/p>\n<div class=\"item-separator\"><\/div>\n<h2>FR, 24.02.2017<\/h2>\n<p>Am Morgen gab es einen sportlichen Postenlauf, bei dem\u00a0unsere kleinen Geisterj\u00e4ger ihre\u00a0Jagdk\u00fcnste unter Beweis stellen mussten.\u00a0Sie konnten sich beim Schleichen und Jagen von Geistern herausfordern. Als uns ein Bauer aus dem Dorf anrief und uns mitteilte, dass es in seinem Haus spuckt, haben wir uns auf den Weg gemacht, um ihm zu helfen.\u00a0Unsere fleissigen kleinen Helfer waren im Stande, die Geister in der Umgebung des Landwirten einzufangen. Dies war jedoch nur eine \u00dcbung von den erfahrenen Geisterj\u00e4ger. Diese haben sich als Geister getarnt, um zu sehen, ob die Praktikanten in dieser Woche etwas gelernt haben. Nachdem sie das toll gemeistert haben, stand noch ein\u00a0unterhaltsamer Abschluss am Abend an. Die Kids konnten in verschiedenen Wetten gegen die Leiter antreten. Wie zum Beispiel Gummib\u00e4ren so schnell wie m\u00f6glich nach Farben sortieren, oder sich beim Montagsmaler beweisen. Doch am Ende konnten sich die Leiter knapp durchsetzen. Nach einer tollen Lagerwoche gingen alle m\u00fcde aber zufrieden ins Bett.<\/p>\n<p>&nbsp;<\/p>\n<div class=\"items-row cols-1 row-7\">\n<div class=\"item column-1\">\n<h2>SA, 25.02.2017<\/h2>\n<p>Nach einer erlebnisreichen Woche gab es am Morgen einiges zu tun. Wir haben es geschafft, das Haus von allen Geistern zu befreien! So mussten wir es\u00a0nur noch von den vielen Spinnweben befreien, um es wieder bewohnbar zu machen.<\/p>\n<p>Nach getaner Arbeit konnten wir alle wieder nach Hause gehen und sorgenfrei in unsere Betten fallen. Wir sind stolz auf unsere kleinen Geisterj\u00e4ger, die ihre Mission erfolgreich erf\u00fcllt haben.<\/p>\n<p>Ein grosses Dankesch\u00f6n an alle, die geholfen haben dieses Lager m\u00f6glich zu machen!<\/p>\n<\/div>\n<\/div>\n","protected":false},"excerpt":{"rendered":"<p>Ort: Eigenthal<br \/>\nLagerleiter: Robin Chevalley<br \/>\nMotto: Ghostbusters: Unheimliches Abenteuer im Geisterhaus<\/p>\n","protected":false},"author":1,"featured_media":0,"parent":1648,"menu_order":0,"comment_status":"closed","ping_status":"closed","template":"","meta":{"footnotes":""},"class_list":["post-2341","page","type-page","status-publish"],"aioseo_notices":[],"_links":{"self":[{"href":"https:\/\/www.jwl.ch\/index.php?rest_route=\/wp\/v2\/pages\/2341","targetHints":{"allow":["GET"]}}],"collection":[{"href":"https:\/\/www.jwl.ch\/index.php?rest_route=\/wp\/v2\/pages"}],"about":[{"href":"https:\/\/www.jwl.ch\/index.php?rest_route=\/wp\/v2\/types\/page"}],"author":[{"embeddable":true,"href":"https:\/\/www.jwl.ch\/index.php?rest_route=\/wp\/v2\/users\/1"}],"replies":[{"embeddable":true,"href":"https:\/\/www.jwl.ch\/index.php?rest_route=%2Fwp%2Fv2%2Fcomments&post=2341"}],"version-history":[{"count":4,"href":"https:\/\/www.jwl.ch\/index.php?rest_route=\/wp\/v2\/pages\/2341\/revisions"}],"predecessor-version":[{"id":3955,"href":"https:\/\/www.jwl.ch\/index.php?rest_route=\/wp\/v2\/pages\/2341\/revisions\/3955"}],"up":[{"embeddable":true,"href":"https:\/\/www.jwl.ch\/index.php?rest_route=\/wp\/v2\/pages\/1648"}],"wp:attachment":[{"href":"https:\/\/www.jwl.ch\/index.php?rest_route=%2Fwp%2Fv2%2Fmedia&parent=2341"}],"curies":[{"name":"wp","href":"https:\/\/api.w.org\/{rel}","templated":true}]}}