{"id":2339,"date":"2016-04-29T14:14:02","date_gmt":"2016-04-29T12:14:02","guid":{"rendered":"https:\/\/jwl.raphael-schaerli.ch\/?page_id=2339"},"modified":"2020-04-20T14:16:24","modified_gmt":"2020-04-20T12:16:24","slug":"wila-2016","status":"publish","type":"page","link":"https:\/\/www.jwl.ch\/?page_id=2339","title":{"rendered":"Wila 2016"},"content":{"rendered":"<h2>Lagerbericht<\/h2>\n<p class=\"TextJW\">Auf der Suche nach dem verlorenen Amulett sind die Meisterdiebe in Neirivue (FR) gelandet. Bei Sonnenschein (oder so \u00e4hnlich) trainierten\u00a0alle hart, um anschliessend topfit das magische Amulett zur\u00fcckzuerobern. Nach tollen Fight-Games im Schlamm, gem\u00fctlichem Beisammensein im Haus und Postenl\u00e4ufen durch das ganze Dorf waren alle m\u00fcde. Doch am letzten Abend kam die \u00dcberraschung. Sherlock Holmes war uns immer einen Schritt voraus. Dennoch beeindruckt von unseren Leistungen \u00fcberliess er uns seinen wertvollsten Besitz: das magische Amulett.<\/p>\n<h4>Wir durften zusammen eine unvergessliche Woche erleben und wollen uns bei allen bedanken, die uns dieses Lager erm\u00f6glicht haben!<\/h4>\n<p><img loading=\"lazy\" decoding=\"async\" class=\"aligncenter wp-image-3986\" src=\"https:\/\/www.jwl.ch\/wp-content\/uploads\/2020\/04\/wila_16_1.jpg\" alt=\"\" width=\"650\" height=\"433\" srcset=\"https:\/\/www.jwl.ch\/wp-content\/uploads\/2020\/04\/wila_16_1.jpg 864w, https:\/\/www.jwl.ch\/wp-content\/uploads\/2020\/04\/wila_16_1-768x512.jpg 768w, https:\/\/www.jwl.ch\/wp-content\/uploads\/2020\/04\/wila_16_1-400x267.jpg 400w\" sizes=\"auto, (max-width: 650px) 100vw, 650px\" \/><\/p>\n","protected":false},"excerpt":{"rendered":"<p>Ort: Neirivue (FR)<br \/>\nLagerleiter: Robin Chevalley<br \/>\nMotto: Meisterdiebe Gesucht<\/p>\n","protected":false},"author":1,"featured_media":0,"parent":1648,"menu_order":0,"comment_status":"closed","ping_status":"closed","template":"","meta":{"footnotes":""},"class_list":["post-2339","page","type-page","status-publish"],"aioseo_notices":[],"_links":{"self":[{"href":"https:\/\/www.jwl.ch\/index.php?rest_route=\/wp\/v2\/pages\/2339","targetHints":{"allow":["GET"]}}],"collection":[{"href":"https:\/\/www.jwl.ch\/index.php?rest_route=\/wp\/v2\/pages"}],"about":[{"href":"https:\/\/www.jwl.ch\/index.php?rest_route=\/wp\/v2\/types\/page"}],"author":[{"embeddable":true,"href":"https:\/\/www.jwl.ch\/index.php?rest_route=\/wp\/v2\/users\/1"}],"replies":[{"embeddable":true,"href":"https:\/\/www.jwl.ch\/index.php?rest_route=%2Fwp%2Fv2%2Fcomments&post=2339"}],"version-history":[{"count":3,"href":"https:\/\/www.jwl.ch\/index.php?rest_route=\/wp\/v2\/pages\/2339\/revisions"}],"predecessor-version":[{"id":3987,"href":"https:\/\/www.jwl.ch\/index.php?rest_route=\/wp\/v2\/pages\/2339\/revisions\/3987"}],"up":[{"embeddable":true,"href":"https:\/\/www.jwl.ch\/index.php?rest_route=\/wp\/v2\/pages\/1648"}],"wp:attachment":[{"href":"https:\/\/www.jwl.ch\/index.php?rest_route=%2Fwp%2Fv2%2Fmedia&parent=2339"}],"curies":[{"name":"wp","href":"https:\/\/api.w.org\/{rel}","templated":true}]}}