{"id":1656,"date":"2000-08-31T13:20:27","date_gmt":"2000-08-31T11:20:27","guid":{"rendered":"https:\/\/jwl.raphael-schaerli.ch\/?page_id=1656"},"modified":"2019-01-30T20:12:13","modified_gmt":"2019-01-30T19:12:13","slug":"sola-2000","status":"publish","type":"page","link":"https:\/\/www.jwl.ch\/?page_id=1656","title":{"rendered":"Sola 2000"},"content":{"rendered":"<h4>Lagerbericht<\/h4>\n<p><span class=\"text\">Die Helden der heutigen Zeit trafen p\u00fcnktlich um 9.00 am Bahnhof Littau ein. Schwer bewaffnet, in grossen Isor\u00fcstungen (Schomi) und unzerst\u00f6rbaren Lederhosen (Cedi) nahmen die Anf\u00fchrer ihre kleinen Helden an sich. Nach beschwerlichem Weg, erreichten sie ihr neustes Zuhause im Tal des Regens. (Bedrettotal)<\/span><\/p>\n<p>Die kleinen Zwerge welche vom Donnerstag an ihre Unterkunft errichtet hatten, waren verschwunden. Nur vereinzelt krochen noch einige herum. So konnten die Helden ungest\u00f6rt ihre Zelte beziehen.<\/p>\n<p>Die Druiden der K\u00fcche bereiteten Festliches, w\u00e4hrend die Letzten wichtigen Hilfsmittel f\u00fcr den t\u00e4glichen Gebrauch gebaut wurden. In der ersten Nacht brach die Legende \u00fcber uns herein: zwei Zelte evakuieren und trocken legen. Graben bauen bis die H\u00e4nde bluten. Welcher Pfadfinder stellte die Zelte in diesen Graben hinein ?????!!!!!<\/p>\n<p>Der Gott des Wetters meinte es selten gut mit uns, dennoch bewiesen wir unseren Mut und Standfestigkeit. Der letzte Kreuzung wurde inszeniert und die Gladiatoren von Rom m\u00fcssen sich gef\u00fcrchtet haben, bei den Kampfk\u00fcnsten der jungen Helden.<\/p>\n<p>Die Lagerattraktion schlecht hin, war nach den Dreitagesprojekten die Krankenbaracke des seligen Christoph, die kleinsche Di\u00e4t (Cola und Salzstangen) wirkte nicht bei allen. So dass sich doch einige einer kleinen Magen-Darm-Infektion ergeben mussten.<br \/>\nWir wurden zu Medienstar der Sommerferien die tessiner Zeitungen titelten gross das tessiner Fernsehen berichtete und der Blick tratschte die Helden in Bedretto liegen im Sterben.<\/p>\n<p>Doch halb so schlimm; bis auf ein paar wenige waren wir alle schnell wieder auf den strammen Beinen. (Mehr Infos in den original Zeitungsberichten)<\/p>\n<p>So langsam es begonnen hatte, so schnell war es vorbei. Bei Abbau ins Hintertreffen gekommen erlebten wir eine rasante Fahrt im Postauto nach Bedrotto und trafen mit Seuchengefahr in Littau ein.<\/p>\n<p>Bedanken m\u00f6chte ich mich bei den kleinen Zwergen vom Vortrupp, danke sch\u00f6n an die ehemaligen Jungw\u00e4chter, bei meinem Leitungsteam, der K\u00fcchenmannschaft und der kranken Schwester.<\/p>\n<p>C\u00e9dric Brunner<br \/>\nLagerleiter<\/p>\n<h4>Lagerlied<\/h4>\n<div align=\"center\"><span class=\"text\"><span class=\"text\">VOM TROCHNE IS NASSE<br \/>\nVOM WARME IS CHAUTE<br \/>\nWOTSCH\u2019S NED VERPASSE<br \/>\nDE CHOM EIFACH METT<\/span><\/span>VOM HUS IS Z\u00c4UT<br \/>\nVOM BETTLI I SCHLOFSACK<br \/>\nVOM LUXUS I DR\u00c4CK<br \/>\n&#8211; NOR ZO EIM ZW\u00c4CK<strong>Refrain:<\/strong><br \/>\nHELDE MYTHE LEG\u00c4NDE<br \/>\nMER SEND : HELDE MYTHE LEG\u00c4NDE<br \/>\nHELDE MYTHE LEG\u00c4NDE<br \/>\nMER SEND : HELDE MYTHE LEG\u00c4NDELITTAU \u2013 BEDRETTO<br \/>\nSOLA ZW\u00d6ITUSIG<br \/>\nZW\u00d6I WOCHE NED DO<br \/>\nINERE ANDERE W\u00c4LT<\/p>\n<p>ZOM MYTHE ENTDECKE<br \/>\nLEG\u00c4NDE ERL\u00c4BE<br \/>\nMONSCHTER VERSCHRECKE<br \/>\nZOM LEG\u00c4ND\u00c4R W\u00c4RDE<\/p>\n<p><strong>Refrain:<\/strong><br \/>\nHELDE MYTHE LEG\u00c4NDE<br \/>\nMER SEND : HELDE MYTHE LEG\u00c4NDE<br \/>\nHELDE MYTHE LEG\u00c4NDE<br \/>\nMER SEND : HELDE MYTHE LEG\u00c4NDE<\/p>\n<p>WAS EN HELD USMACHT<br \/>\nTAPFERKEIT MUT<br \/>\nDAS HEND MER SCHO LANG<br \/>\nDAS LIED \u00dcS EM BLUET<\/p>\n<p>VOM ROBIN HOOD BIS WILHELM TELL<br \/>\nG\u00c4G \u00dcS SEND DIE N\u00dc\u00dcD<br \/>\nVERGESS DIE GANZ SCHNELL<\/p>\n<p><strong>Refrain:<\/strong><br \/>\nHELDE MYTHE LEG\u00c4NDE<br \/>\nMER SEND : HELDE MYTHE LEG\u00c4NDE<br \/>\nHELDE MYTHE LEG\u00c4NDE<br \/>\nMER SEND : HELDE MYTHE LEG\u00c4NDE<\/p>\n<p>&nbsp;<\/p>\n<p><span class=\"linkklein\">Textmelodie: under the bridge, red hot chili peppers<br \/>\nRefrainmelodie: iron, lion, zyon, bob marley<\/span><\/p>\n<\/div>\n","protected":false},"excerpt":{"rendered":"<p>Ort: Bedretto TI<br \/>\nLagerleiter: C\u00e9dric Brunner<br \/>\nMotto: Helden, Mythen und Legenden<\/p>\n","protected":false},"author":1,"featured_media":2401,"parent":594,"menu_order":0,"comment_status":"closed","ping_status":"closed","template":"","meta":{"footnotes":""},"class_list":["post-1656","page","type-page","status-publish","has-post-thumbnail"],"aioseo_notices":[],"_links":{"self":[{"href":"https:\/\/www.jwl.ch\/index.php?rest_route=\/wp\/v2\/pages\/1656","targetHints":{"allow":["GET"]}}],"collection":[{"href":"https:\/\/www.jwl.ch\/index.php?rest_route=\/wp\/v2\/pages"}],"about":[{"href":"https:\/\/www.jwl.ch\/index.php?rest_route=\/wp\/v2\/types\/page"}],"author":[{"embeddable":true,"href":"https:\/\/www.jwl.ch\/index.php?rest_route=\/wp\/v2\/users\/1"}],"replies":[{"embeddable":true,"href":"https:\/\/www.jwl.ch\/index.php?rest_route=%2Fwp%2Fv2%2Fcomments&post=1656"}],"version-history":[{"count":6,"href":"https:\/\/www.jwl.ch\/index.php?rest_route=\/wp\/v2\/pages\/1656\/revisions"}],"predecessor-version":[{"id":2403,"href":"https:\/\/www.jwl.ch\/index.php?rest_route=\/wp\/v2\/pages\/1656\/revisions\/2403"}],"up":[{"embeddable":true,"href":"https:\/\/www.jwl.ch\/index.php?rest_route=\/wp\/v2\/pages\/594"}],"wp:featuredmedia":[{"embeddable":true,"href":"https:\/\/www.jwl.ch\/index.php?rest_route=\/wp\/v2\/media\/2401"}],"wp:attachment":[{"href":"https:\/\/www.jwl.ch\/index.php?rest_route=%2Fwp%2Fv2%2Fmedia&parent=1656"}],"curies":[{"name":"wp","href":"https:\/\/api.w.org\/{rel}","templated":true}]}}