{"id":1632,"date":"2009-08-31T13:16:02","date_gmt":"2009-08-31T11:16:02","guid":{"rendered":"https:\/\/jwl.raphael-schaerli.ch\/?page_id=1632"},"modified":"2020-04-22T13:24:54","modified_gmt":"2020-04-22T11:24:54","slug":"sola-2009","status":"publish","type":"page","link":"https:\/\/www.jwl.ch\/?page_id=1632","title":{"rendered":"Sola 2009"},"content":{"rendered":"<h3>Lagerbericht<\/h3>\n<p>Sp\u00e4testens nach dem Lager wussten alle dass dieser Schlachtruf nicht bloss einfach ein Hirngespinst ist, sondern f\u00fcr das steht, was die Kinder und Leiter zwei Wochen gemeinsam erleben durften.<\/p>\n<p>Am Montagmorgen trafen sich alle tapferen Krieger von Littau mit ganz Schottland gegen King Edward und seine Streitmacht zu k\u00e4mpfen. Nachdem wir auf dem Wurderbar eingerichteten Lagerplatz ankamen, wurden als erstes alle hungrigen M\u00e4uler gestopft. Nachdem alle Zelte eingerichtet (nicht unbedingt ordentlich) waren, ging es gleich mit Vollgas los\u2026 Mit einem Gel\u00e4ndespiel startete das Lager nun definitiv. Die etwas \u00fcberdrehten, aber m\u00fcden Kinder konnten dann sp\u00e4t am Abend die erste Nacht im Zelt in Angriff nehmen.<\/p>\n<p>Die erste Woche widmeten sich die tapferen Krieger dem Training, um im Kampf gegen King Edward brillieren zu k\u00f6nnen. \u00dcberraschend mussten wir jedoch den Lagerplatz fluchtartig verlassen, da sich King Edward und seine Streitmacht in unsere Richtung bewegt. Damit es nicht zu verletzten Schotten kam, mussten wir den Lagerplatz f\u00fcr ganze drei Tage sich selbst \u00fcberlassen.<\/p>\n<p>Zur\u00fcck auf dem Lagerplatz fanden wir schreckliches vor: Der Lagerplatz war verw\u00fcstet!! Und die K\u00fcche welche auf dem Lagerplatz blieb, war traumatisiert! Der Lagerleiter Baumi wurde entf\u00fchrt\u2026 Kriesensitzung im Leitungsteam! Was geschieht nun? Die Leiter entschlossen sich mit allen Krieger und Kriegerlein auf die Suche nach Baumi zu gehen. Nach langer Suche und intensiven K\u00e4mpfen, wurde Baumi aus den H\u00e4nden von King Edward befreit. Alle waren froh, dass dieses \u201eMissgeschick\u201c glimpflich verlief.<\/p>\n<p>Schon war das halbe Lager rum und zur Belohnung durften alle in die Badi! Endlich wieder saubere Kinder\u2026 Den Leiter hat es letztendlich auch nicht geschadet! Zur\u00fcck auf dem Lagerplatz mussten dann alle mit anpacken wenn es hiess den Lagerplatz aufzur\u00e4umen. Dank dem starken Wind durfte die gesamte Lagerschar am Abend im G\u00e4nsemarsch mit Plachen bedeckt nach einem trockenen Platz suchen, da das Sarasani aus Sicherheitsgr\u00fcnden f\u00fcr alle gesperrt blieb\u2026 Dummerweise waren alle Regenkleider im Sarasani\u2026<\/p>\n<p>Nach einem abenteuerreichen und lustigen Lager waren alle froh, am Samstag wieder zu Hause gewesen zu sein. Das Ziel King Edward den Gar auszumachen konnte in letzter Sekunde noch erreicht werden.<\/p>\n<p>Wir danken allen Kinder und nat\u00fcrlich auch allen Eltern f\u00fcr das Vertrauen welches ihr in uns hattet!<\/p>\n<p>Euer Lagerleiter<br \/>\nThomas Baumeler (Baumi)<\/p>\n<div class=\"rl-gallery-container rl-loading\" id=\"rl-gallery-container-1\" data-gallery_id=\"4266\"> <div class=\"rl-gallery rl-basicmasonry-gallery \" id=\"rl-gallery-1\" data-gallery_no=\"1\"> <div class=\"rl-gutter-sizer\"><\/div><div class=\"rl-grid-sizer\"><\/div> <div class=\"rl-gallery-item rl-gallery-item-width-4\" > <div class=\"rl-gallery-item-content\"> <a href=\"https:\/\/www.jwl.ch\/wp-content\/uploads\/2020\/04\/sola_2010_1.jpg\" title=\"\" data-rl_title=\"\" class=\"rl-gallery-link\" data-rl_caption=\"\" data-rel=\"lightbox-gallery-1\"><img loading=\"lazy\" decoding=\"async\" src=\"https:\/\/www.jwl.ch\/wp-content\/uploads\/2020\/04\/sola_2010_1.jpg\" width=\"500\" height=\"375\" alt=\"\"\/><\/a> <\/div> <\/div> <div class=\"rl-gallery-item\" > <div class=\"rl-gallery-item-content\"> <a href=\"https:\/\/www.jwl.ch\/wp-content\/uploads\/2020\/04\/sola_2010_2.jpg\" title=\"\" data-rl_title=\"\" class=\"rl-gallery-link\" data-rl_caption=\"\" data-rel=\"lightbox-gallery-1\"><img loading=\"lazy\" decoding=\"async\" src=\"https:\/\/www.jwl.ch\/wp-content\/uploads\/2020\/04\/sola_2010_2.jpg\" width=\"500\" height=\"334\" alt=\"\"\/><\/a> <\/div> <\/div> <\/div> <\/div>\n","protected":false},"excerpt":{"rendered":"<p>Ort: Kleinl\u00fctzel SO<br \/>\nLagerleiter: Thomas Baumeler<br \/>\nMotto: Freiheit f\u00fcr Schottland &#8211; Mit Kilt und Dudelsack gegen King Edwards Pack!<\/p>\n","protected":false},"author":1,"featured_media":2401,"parent":594,"menu_order":0,"comment_status":"closed","ping_status":"closed","template":"","meta":{"footnotes":""},"class_list":["post-1632","page","type-page","status-publish","has-post-thumbnail"],"aioseo_notices":[],"_links":{"self":[{"href":"https:\/\/www.jwl.ch\/index.php?rest_route=\/wp\/v2\/pages\/1632","targetHints":{"allow":["GET"]}}],"collection":[{"href":"https:\/\/www.jwl.ch\/index.php?rest_route=\/wp\/v2\/pages"}],"about":[{"href":"https:\/\/www.jwl.ch\/index.php?rest_route=\/wp\/v2\/types\/page"}],"author":[{"embeddable":true,"href":"https:\/\/www.jwl.ch\/index.php?rest_route=\/wp\/v2\/users\/1"}],"replies":[{"embeddable":true,"href":"https:\/\/www.jwl.ch\/index.php?rest_route=%2Fwp%2Fv2%2Fcomments&post=1632"}],"version-history":[{"count":5,"href":"https:\/\/www.jwl.ch\/index.php?rest_route=\/wp\/v2\/pages\/1632\/revisions"}],"predecessor-version":[{"id":4271,"href":"https:\/\/www.jwl.ch\/index.php?rest_route=\/wp\/v2\/pages\/1632\/revisions\/4271"}],"up":[{"embeddable":true,"href":"https:\/\/www.jwl.ch\/index.php?rest_route=\/wp\/v2\/pages\/594"}],"wp:featuredmedia":[{"embeddable":true,"href":"https:\/\/www.jwl.ch\/index.php?rest_route=\/wp\/v2\/media\/2401"}],"wp:attachment":[{"href":"https:\/\/www.jwl.ch\/index.php?rest_route=%2Fwp%2Fv2%2Fmedia&parent=1632"}],"curies":[{"name":"wp","href":"https:\/\/api.w.org\/{rel}","templated":true}]}}