{"id":1413,"date":"2018-08-06T19:48:52","date_gmt":"2018-08-06T17:48:52","guid":{"rendered":"https:\/\/jwl.raphael-schaerli.ch\/?page_id=1413"},"modified":"2020-04-18T21:01:19","modified_gmt":"2020-04-18T19:01:19","slug":"sola-2018","status":"publish","type":"page","link":"https:\/\/www.jwl.ch\/?page_id=1413","title":{"rendered":"Sola 2018"},"content":{"rendered":"<h2>R\u00fcckblick Lagerleitung<\/h2>\n<p>Wow, was ein Sommerlager, zwei Wochen voller Action und gro\u00dfartigen Erlebnissen. Aber fangen wir vorne an. Am Montag 09. Juli 2018, startete HP Armstrong mit 27 Buben in ein Abenteuer. Die Mission SpaceXtreme konnte starten, um 21.30 Uhr Ortszeit starteten wir unsere Triebwerke und verliessen die geliebte Erde. Jeden Tag besuchten wir einen neuen Planeten, wie zum Beispiel den Alu Planeten, kurzerhand mussten alle einen Aluhut tragen und mit dem \u00abF\u00fcdli\u00bb gr\u00fcssen. Doch schon am Donnerstag gab es gr\u00f6ssere Komplikationen, die Leiter waren verschwunden. Aber der Professor wagte die kritische Landung, traute aber seinen Augen nicht als er die T\u00fcr \u00f6ffnete\u2026. Er war auf dem Amazonenplanet gelandet, die Leiterinnen des Blauring Littau \u00fcbernahmen nun die Jungwacht. Nach kurzem Suchen am n\u00e4chsten Tag fanden wir die Leiter schnell wieder. Nach dem Highlight mit dem Blauring, kam schon der n\u00e4chste H\u00f6hepunkt. Alle machten sich auf verschiedene Wanderungen, um Treibstoff zu Suchen. Nach zwei Tagen kehrten alle wohlbehalten zur\u00fcck und hatten viel zu erz\u00e4hlen. Mit dem WM Final durfte ich die erste Woche beenden. Ja sie haben richtig geh\u00f6rt, Live TV im Lager ist m\u00f6glich\ud83d\ude0a! Die zweite Woche wurde turbulent, mysteri\u00f6s gestartet, die Leiter tanzten pl\u00f6tzlich vom Lagerplatz! Zum Gl\u00fcck haben wir noch kompetente \u00c4lteste, die \u00fcbernehmen konnten. Bald aber hiess es wieder abbauen und zur\u00fcck zur Erde reisen. Ich kann mit stolz behaupten alle gesund wieder zu den Familien zur\u00fcck zu bringen. Zwei wirklich tolle Wochen mit tollem Wetter und fantastischer Stimmung.<\/p>\n<p>&#8211; Joel Christen<\/p>\n<div class=\"rl-gallery-container rl-loading\" id=\"rl-gallery-container-1\" data-gallery_id=\"3913\"> <div class=\"rl-gallery rl-basicmasonry-gallery \" id=\"rl-gallery-1\" data-gallery_no=\"1\"> <div class=\"rl-gutter-sizer\"><\/div><div class=\"rl-grid-sizer\"><\/div> <div class=\"rl-gallery-item rl-gallery-item-width-4\" > <div class=\"rl-gallery-item-content\"> <a href=\"https:\/\/www.jwl.ch\/wp-content\/uploads\/2020\/04\/Sola_2018_1.jpg\" title=\"\" data-rl_title=\"\" class=\"rl-gallery-link\" data-rl_caption=\"\" data-rel=\"lightbox-gallery-1\"><img loading=\"lazy\" decoding=\"async\" src=\"https:\/\/www.jwl.ch\/wp-content\/uploads\/2020\/04\/Sola_2018_1.jpg\" width=\"720\" height=\"960\" alt=\"\"\/><\/a> <\/div> <\/div> <div class=\"rl-gallery-item\" > <div class=\"rl-gallery-item-content\"> <a href=\"https:\/\/www.jwl.ch\/wp-content\/uploads\/2020\/04\/Sola_2018_2.jpg\" title=\"\" data-rl_title=\"\" class=\"rl-gallery-link\" data-rl_caption=\"\" data-rel=\"lightbox-gallery-1\"><img loading=\"lazy\" decoding=\"async\" src=\"https:\/\/www.jwl.ch\/wp-content\/uploads\/2020\/04\/Sola_2018_2.jpg\" width=\"960\" height=\"720\" alt=\"\"\/><\/a> <\/div> <\/div> <\/div> <\/div>\n<h2>Tagesr\u00fcckblick<\/h2>\n\n\n<div class=\"su-posts su-posts-default-loop \">\n\n\t\n\t\t\t\t\t\n\t\t\t\n\t\t\t<div id=\"su-post-306\" class=\"su-post \">\n\n\t\t\t\t\n\t\t\t\t<h2 class=\"su-post-title\"><a href=\"https:\/\/www.jwl.ch\/?p=306\">09.07.2018, Montag<\/a><\/h2>\n\n\t\t\t\t<div class=\"su-post-meta\">\n\t\t\t\t\tVer\u00f6ffentlicht: 9. Juli 2018\t\t\t\t<\/div>\n\n\t\t\t\t<div class=\"su-post-excerpt\">\n\t\t\t\t\t<p>Tag eins im JWL Space Camp 079 Wir sind gl\u00fccklich auf dem Lagerplatz angekommen, der nette Carchauffeur fuhr uns sogar auf den Lagerplatz. Als erstes durften die Kinder ihre eigenen &#8230; <a title=\"09.07.2018, Montag\" class=\"read-more\" href=\"https:\/\/www.jwl.ch\/?p=306\" aria-label=\"Mehr Informationen \u00fcber 09.07.2018, Montag\">Weiterlesen<\/a><\/p>\n\t\t\t\t<\/div>\n\n\t\t\t\t\n\t\t\t<\/div>\n\n\t\t\t\t\t\n\t\t\t\n\t\t\t<div id=\"su-post-308\" class=\"su-post \">\n\n\t\t\t\t\n\t\t\t\t<h2 class=\"su-post-title\"><a href=\"https:\/\/www.jwl.ch\/?p=308\">10.07.2018, Dienstag<\/a><\/h2>\n\n\t\t\t\t<div class=\"su-post-meta\">\n\t\t\t\t\tVer\u00f6ffentlicht: 10. Juli 2018\t\t\t\t<\/div>\n\n\t\t\t\t<div class=\"su-post-excerpt\">\n\t\t\t\t\t<p>Tag zwei im JWL Space Camp 079 Nach einem erfolgreich \u00fcberstandenen Nachtflug setzten wir heute Morgen zum ersten Mal zur Landung an. Die magnetische Anziehungskraft zog uns auf den \u00abBlechplaneten\u00bb. &#8230; <a title=\"10.07.2018, Dienstag\" class=\"read-more\" href=\"https:\/\/www.jwl.ch\/?p=308\" aria-label=\"Mehr Informationen \u00fcber 10.07.2018, Dienstag\">Weiterlesen<\/a><\/p>\n\t\t\t\t<\/div>\n\n\t\t\t\t\n\t\t\t<\/div>\n\n\t\t\t\t\t\n\t\t\t\n\t\t\t<div id=\"su-post-309\" class=\"su-post \">\n\n\t\t\t\t\n\t\t\t\t<h2 class=\"su-post-title\"><a href=\"https:\/\/www.jwl.ch\/?p=309\">11.07.2018, Mittwoch<\/a><\/h2>\n\n\t\t\t\t<div class=\"su-post-meta\">\n\t\t\t\t\tVer\u00f6ffentlicht: 11. Juli 2018\t\t\t\t<\/div>\n\n\t\t\t\t<div class=\"su-post-excerpt\">\n\t\t\t\t\t<p>Tag drei im JWL Space Camp 079 Unsere Rakete war gestern zu schnell unterwegs, deshalb wurde ein grosser Teil unseres Treibstoffes von der Weltraum-Polizei beschlagnahmt. Mit zu wenig Treibstoff sind &#8230; <a title=\"11.07.2018, Mittwoch\" class=\"read-more\" href=\"https:\/\/www.jwl.ch\/?p=309\" aria-label=\"Mehr Informationen \u00fcber 11.07.2018, Mittwoch\">Weiterlesen<\/a><\/p>\n\t\t\t\t<\/div>\n\n\t\t\t\t\n\t\t\t<\/div>\n\n\t\t\t\t\t\n\t\t\t\n\t\t\t<div id=\"su-post-310\" class=\"su-post \">\n\n\t\t\t\t\n\t\t\t\t<h2 class=\"su-post-title\"><a href=\"https:\/\/www.jwl.ch\/?p=310\">12.07.2018, Donnerstag<\/a><\/h2>\n\n\t\t\t\t<div class=\"su-post-meta\">\n\t\t\t\t\tVer\u00f6ffentlicht: 12. Juli 2018\t\t\t\t<\/div>\n\n\t\t\t\t<div class=\"su-post-excerpt\">\n\t\t\t\t\t<p>Tag vier im JWL Space Camp 079 Die Leiter sind verschollen..! Wir setzen trotzdem zur Landung an. Uns hat es auf den Amazonenplanet versetzt, \u00fcberall auf dem Lagerplatz laufen Blauringleiterinnen &#8230; <a title=\"12.07.2018, Donnerstag\" class=\"read-more\" href=\"https:\/\/www.jwl.ch\/?p=310\" aria-label=\"Mehr Informationen \u00fcber 12.07.2018, Donnerstag\">Weiterlesen<\/a><\/p>\n\t\t\t\t<\/div>\n\n\t\t\t\t\n\t\t\t<\/div>\n\n\t\t\t\t\t\n\t\t\t\n\t\t\t<div id=\"su-post-311\" class=\"su-post \">\n\n\t\t\t\t\n\t\t\t\t<h2 class=\"su-post-title\"><a href=\"https:\/\/www.jwl.ch\/?p=311\">13.07.2018, Freitag<\/a><\/h2>\n\n\t\t\t\t<div class=\"su-post-meta\">\n\t\t\t\t\tVer\u00f6ffentlicht: 13. Juli 2018\t\t\t\t<\/div>\n\n\t\t\t\t<div class=\"su-post-excerpt\">\n\t\t\t\t\t<p>Tag f\u00fcnf im JWL Space Camp 079 Houston hat uns einen erneuten Funkspruch gegeben: Koordinaten 51700. Als wir dann gelandet waren, die Erleichterung, wir finden alle Leiter wieder. Die angeschlagenen &#8230; <a title=\"13.07.2018, Freitag\" class=\"read-more\" href=\"https:\/\/www.jwl.ch\/?p=311\" aria-label=\"Mehr Informationen \u00fcber 13.07.2018, Freitag\">Weiterlesen<\/a><\/p>\n\t\t\t\t<\/div>\n\n\t\t\t\t\n\t\t\t<\/div>\n\n\t\t\t\t\t\n\t\t\t\n\t\t\t<div id=\"su-post-312\" class=\"su-post \">\n\n\t\t\t\t\n\t\t\t\t<h2 class=\"su-post-title\"><a href=\"https:\/\/www.jwl.ch\/?p=312\">14.07.2018, Samstag<\/a><\/h2>\n\n\t\t\t\t<div class=\"su-post-meta\">\n\t\t\t\t\tVer\u00f6ffentlicht: 14. Juli 2018\t\t\t\t<\/div>\n\n\t\t\t\t<div class=\"su-post-excerpt\">\n\t\t\t\t\t<p>Tag sechs im JWL Space Camp 079 Die verschiedenen Gruppen haben nun alle neue Fl\u00fcssigkeit gesammelt. Deshalb gehen sich nun alle etwas entspannen in der Badi. Sie wollten gerade weiter &#8230; <a title=\"14.07.2018, Samstag\" class=\"read-more\" href=\"https:\/\/www.jwl.ch\/?p=312\" aria-label=\"Mehr Informationen \u00fcber 14.07.2018, Samstag\">Weiterlesen<\/a><\/p>\n\t\t\t\t<\/div>\n\n\t\t\t\t\n\t\t\t<\/div>\n\n\t\t\t\t\t\n\t\t\t\n\t\t\t<div id=\"su-post-313\" class=\"su-post \">\n\n\t\t\t\t\n\t\t\t\t<h2 class=\"su-post-title\"><a href=\"https:\/\/www.jwl.ch\/?p=313\">15.07.2018, Sonntag<\/a><\/h2>\n\n\t\t\t\t<div class=\"su-post-meta\">\n\t\t\t\t\tVer\u00f6ffentlicht: 15. Juli 2018\t\t\t\t<\/div>\n\n\t\t\t\t<div class=\"su-post-excerpt\">\n\t\t\t\t\t<p>Tag sieben im JWL Space Camp 079 Am Morgen landen wir mit etwas Versp\u00e4tung, wegen dem Brunch, auf dem Friedensplanet. Der Friedensstifter Res erkl\u00e4rt, uns eine neue Art Fussball zu &#8230; <a title=\"15.07.2018, Sonntag\" class=\"read-more\" href=\"https:\/\/www.jwl.ch\/?p=313\" aria-label=\"Mehr Informationen \u00fcber 15.07.2018, Sonntag\">Weiterlesen<\/a><\/p>\n\t\t\t\t<\/div>\n\n\t\t\t\t\n\t\t\t<\/div>\n\n\t\t\t\t\t\n\t\t\t\n\t\t\t<div id=\"su-post-314\" class=\"su-post \">\n\n\t\t\t\t\n\t\t\t\t<h2 class=\"su-post-title\"><a href=\"https:\/\/www.jwl.ch\/?p=314\">16.07.2018, Montag<\/a><\/h2>\n\n\t\t\t\t<div class=\"su-post-meta\">\n\t\t\t\t\tVer\u00f6ffentlicht: 16. Juli 2018\t\t\t\t<\/div>\n\n\t\t\t\t<div class=\"su-post-excerpt\">\n\t\t\t\t\t<p>Tag acht im JWL Space Camp 079 Heut wird die Nacht zum Tag auf dem Partyplanet&#8230;, mit diesen Kl\u00e4ngen stiegen wird heute morgen aus der Rakete. Als erstes lernen wird &#8230; <a title=\"16.07.2018, Montag\" class=\"read-more\" href=\"https:\/\/www.jwl.ch\/?p=314\" aria-label=\"Mehr Informationen \u00fcber 16.07.2018, Montag\">Weiterlesen<\/a><\/p>\n\t\t\t\t<\/div>\n\n\t\t\t\t\n\t\t\t<\/div>\n\n\t\t\t\t\t\n\t\t\t\n\t\t\t<div id=\"su-post-315\" class=\"su-post \">\n\n\t\t\t\t\n\t\t\t\t<h2 class=\"su-post-title\"><a href=\"https:\/\/www.jwl.ch\/?p=315\">17.07.2018, Dienstag<\/a><\/h2>\n\n\t\t\t\t<div class=\"su-post-meta\">\n\t\t\t\t\tVer\u00f6ffentlicht: 17. Juli 2018\t\t\t\t<\/div>\n\n\t\t\t\t<div class=\"su-post-excerpt\">\n\t\t\t\t\t<p>Tag neun im JWL Space Camp 079 Am Morgen leiten die \u00c4ltesten noch die Gruppenstunden, zum kr\u00f6nenden Abschluss gibt\u2019s eine grosse Wasserschlacht. Zur Mittagsstunde steigen wir wieder in die Rakete. &#8230; <a title=\"17.07.2018, Dienstag\" class=\"read-more\" href=\"https:\/\/www.jwl.ch\/?p=315\" aria-label=\"Mehr Informationen \u00fcber 17.07.2018, Dienstag\">Weiterlesen<\/a><\/p>\n\t\t\t\t<\/div>\n\n\t\t\t\t\n\t\t\t<\/div>\n\n\t\t\t\t\t\n\t\t\t\n\t\t\t<div id=\"su-post-316\" class=\"su-post \">\n\n\t\t\t\t\n\t\t\t\t<h2 class=\"su-post-title\"><a href=\"https:\/\/www.jwl.ch\/?p=316\">18.07.2018, Mittwoch<\/a><\/h2>\n\n\t\t\t\t<div class=\"su-post-meta\">\n\t\t\t\t\tVer\u00f6ffentlicht: 18. Juli 2018\t\t\t\t<\/div>\n\n\t\t\t\t<div class=\"su-post-excerpt\">\n\t\t\t\t\t<p>Tag zehn im JWL Space Camp 079 Lasst die Spiele beginnen\u2026 Gerade starten die Olympischen Spiele, als wir auf dem Olympiaplaneten landen. Sportlich starten wir in diesen Tag. Am Nachmittag &#8230; <a title=\"18.07.2018, Mittwoch\" class=\"read-more\" href=\"https:\/\/www.jwl.ch\/?p=316\" aria-label=\"Mehr Informationen \u00fcber 18.07.2018, Mittwoch\">Weiterlesen<\/a><\/p>\n\t\t\t\t<\/div>\n\n\t\t\t\t\n\t\t\t<\/div>\n\n\t\t\n\t\n<\/div>\n\n","protected":false},"excerpt":{"rendered":"<p>Ort: Wallenstedt<br \/>\nLagerleiter: Joel Christen<br \/>\nMotto: Space Xtreme<\/p>\n","protected":false},"author":1,"featured_media":2401,"parent":594,"menu_order":0,"comment_status":"closed","ping_status":"closed","template":"","meta":{"footnotes":""},"class_list":["post-1413","page","type-page","status-publish","has-post-thumbnail","hentry"],"aioseo_notices":[],"_links":{"self":[{"href":"https:\/\/www.jwl.ch\/index.php?rest_route=\/wp\/v2\/pages\/1413","targetHints":{"allow":["GET"]}}],"collection":[{"href":"https:\/\/www.jwl.ch\/index.php?rest_route=\/wp\/v2\/pages"}],"about":[{"href":"https:\/\/www.jwl.ch\/index.php?rest_route=\/wp\/v2\/types\/page"}],"author":[{"embeddable":true,"href":"https:\/\/www.jwl.ch\/index.php?rest_route=\/wp\/v2\/users\/1"}],"replies":[{"embeddable":true,"href":"https:\/\/www.jwl.ch\/index.php?rest_route=%2Fwp%2Fv2%2Fcomments&post=1413"}],"version-history":[{"count":26,"href":"https:\/\/www.jwl.ch\/index.php?rest_route=\/wp\/v2\/pages\/1413\/revisions"}],"predecessor-version":[{"id":3916,"href":"https:\/\/www.jwl.ch\/index.php?rest_route=\/wp\/v2\/pages\/1413\/revisions\/3916"}],"up":[{"embeddable":true,"href":"https:\/\/www.jwl.ch\/index.php?rest_route=\/wp\/v2\/pages\/594"}],"wp:featuredmedia":[{"embeddable":true,"href":"https:\/\/www.jwl.ch\/index.php?rest_route=\/wp\/v2\/media\/2401"}],"wp:attachment":[{"href":"https:\/\/www.jwl.ch\/index.php?rest_route=%2Fwp%2Fv2%2Fmedia&parent=1413"}],"curies":[{"name":"wp","href":"https:\/\/api.w.org\/{rel}","templated":true}]}}