{"id":120816,"date":"2024-12-13T08:19:32","date_gmt":"2024-12-13T07:19:32","guid":{"rendered":"https:\/\/www.jwl.ch\/?page_id=120816"},"modified":"2025-03-10T15:22:59","modified_gmt":"2025-03-10T14:22:59","slug":"winterlager-2025","status":"publish","type":"page","link":"https:\/\/www.jwl.ch\/?page_id=120816","title":{"rendered":"Winterlager 2025"},"content":{"rendered":"<h2>News aus dem Lager<\/h2>\n\n\n<div class=\"su-posts su-posts-default-loop \">\n\n\t\n\t\t\t\t\t\n\t\t\t\n\t\t\t<div id=\"su-post-120895\" class=\"su-post \">\n\n\t\t\t\t\n\t\t\t\t<h2 class=\"su-post-title\"><a href=\"https:\/\/www.jwl.ch\/?p=120895\">Freitag, 28.02.2025<\/a><\/h2>\n\n\t\t\t\t<div class=\"su-post-meta\">\n\t\t\t\t\tVer\u00f6ffentlicht: 1. M\u00e4rz 2025\t\t\t\t<\/div>\n\n\t\t\t\t<div class=\"su-post-excerpt\">\n\t\t\t\t\t<p>Nach vielen aufregenden Tagen war der letzte Morgen angebrochen. Billy Bosco war gefangen, und nun galt es, die letzten Stunden in der Gruppe noch einmal richtig zu genie\u00dfen. In einem &#8230; <a title=\"Freitag, 28.02.2025\" class=\"read-more\" href=\"https:\/\/www.jwl.ch\/?p=120895\" aria-label=\"Mehr Informationen \u00fcber Freitag, 28.02.2025\">Weiterlesen<\/a><\/p>\n\t\t\t\t<\/div>\n\n\t\t\t\t\n\t\t\t<\/div>\n\n\t\t\t\t\t\n\t\t\t\n\t\t\t<div id=\"su-post-120893\" class=\"su-post \">\n\n\t\t\t\t\n\t\t\t\t<h2 class=\"su-post-title\"><a href=\"https:\/\/www.jwl.ch\/?p=120893\">Donnerstag, 27.02.2025<\/a><\/h2>\n\n\t\t\t\t<div class=\"su-post-meta\">\n\t\t\t\t\tVer\u00f6ffentlicht: 27. Februar 2025\t\t\t\t<\/div>\n\n\t\t\t\t<div class=\"su-post-excerpt\">\n\t\t\t\t\t<p>Die Kopfgeldj\u00e4ger waren zwar mutig und geschickt, doch ein echter J\u00e4ger muss auch wissen, wie man sich in jeder Situation hilft \u2013 besonders, wenn ein Kamerad verletzt wird. Deshalb begann &#8230; <a title=\"Donnerstag, 27.02.2025\" class=\"read-more\" href=\"https:\/\/www.jwl.ch\/?p=120893\" aria-label=\"Mehr Informationen \u00fcber Donnerstag, 27.02.2025\">Weiterlesen<\/a><\/p>\n\t\t\t\t<\/div>\n\n\t\t\t\t\n\t\t\t<\/div>\n\n\t\t\t\t\t\n\t\t\t\n\t\t\t<div id=\"su-post-120872\" class=\"su-post \">\n\n\t\t\t\t\n\t\t\t\t<h2 class=\"su-post-title\"><a href=\"https:\/\/www.jwl.ch\/?p=120872\">Mittwoch, 26.02.2025<\/a><\/h2>\n\n\t\t\t\t<div class=\"su-post-meta\">\n\t\t\t\t\tVer\u00f6ffentlicht: 26. Februar 2025\t\t\t\t<\/div>\n\n\t\t\t\t<div class=\"su-post-excerpt\">\n\t\t\t\t\t<p>Heute wurde die Kopfgeldj\u00e4ger-Truppe auf eine harte Probe gestellt \u2013 ein ganzer Tag in der Wildnis stand bevor! Am Morgen brachen sie zu einem gro\u00dfen Ausflug auf, um die Pr\u00e4rie &#8230; <a title=\"Mittwoch, 26.02.2025\" class=\"read-more\" href=\"https:\/\/www.jwl.ch\/?p=120872\" aria-label=\"Mehr Informationen \u00fcber Mittwoch, 26.02.2025\">Weiterlesen<\/a><\/p>\n\t\t\t\t<\/div>\n\n\t\t\t\t\n\t\t\t<\/div>\n\n\t\t\t\t\t\n\t\t\t\n\t\t\t<div id=\"su-post-120860\" class=\"su-post \">\n\n\t\t\t\t\n\t\t\t\t<h2 class=\"su-post-title\"><a href=\"https:\/\/www.jwl.ch\/?p=120860\">Dienstag, 25.02.2025<\/a><\/h2>\n\n\t\t\t\t<div class=\"su-post-meta\">\n\t\t\t\t\tVer\u00f6ffentlicht: 25. Februar 2025\t\t\t\t<\/div>\n\n\t\t\t\t<div class=\"su-post-excerpt\">\n\t\t\t\t\t<p>Ein erfolgreicher Kopfgeldj\u00e4ger braucht nicht nur Mut und Geschick, sondern auch ein starkes Team. Deshalb startete der Tag mit einer gem\u00fctlichen Gruppenstunde, in der die J\u00e4ger gemeinsam Zeit verbrachten, lachten &#8230; <a title=\"Dienstag, 25.02.2025\" class=\"read-more\" href=\"https:\/\/www.jwl.ch\/?p=120860\" aria-label=\"Mehr Informationen \u00fcber Dienstag, 25.02.2025\">Weiterlesen<\/a><\/p>\n\t\t\t\t<\/div>\n\n\t\t\t\t\n\t\t\t<\/div>\n\n\t\t\t\t\t\n\t\t\t\n\t\t\t<div id=\"su-post-120857\" class=\"su-post \">\n\n\t\t\t\t\n\t\t\t\t<h2 class=\"su-post-title\"><a href=\"https:\/\/www.jwl.ch\/?p=120857\">Montag, 24.02.2025<\/a><\/h2>\n\n\t\t\t\t<div class=\"su-post-meta\">\n\t\t\t\t\tVer\u00f6ffentlicht: 25. Februar 2025\t\t\t\t<\/div>\n\n\t\t\t\t<div class=\"su-post-excerpt\">\n\t\t\t\t\t<p>Heute ging es ans Eingemachte! Beim morgendlichen Training lernten die angehenden Kopfgeldj\u00e4ger, sich zu verteidigen und geschickt an Gegner heranzuschleichen. Wer Billy Bosco schnappen wollte, durfte sich nicht erwischen lassen &#8230; <a title=\"Montag, 24.02.2025\" class=\"read-more\" href=\"https:\/\/www.jwl.ch\/?p=120857\" aria-label=\"Mehr Informationen \u00fcber Montag, 24.02.2025\">Weiterlesen<\/a><\/p>\n\t\t\t\t<\/div>\n\n\t\t\t\t\n\t\t\t<\/div>\n\n\t\t\t\t\t\n\t\t\t\n\t\t\t<div id=\"su-post-120841\" class=\"su-post \">\n\n\t\t\t\t\n\t\t\t\t<h2 class=\"su-post-title\"><a href=\"https:\/\/www.jwl.ch\/?p=120841\">Sonntag, 23.02.2025<\/a><\/h2>\n\n\t\t\t\t<div class=\"su-post-meta\">\n\t\t\t\t\tVer\u00f6ffentlicht: 24. Februar 2025\t\t\t\t<\/div>\n\n\t\t\t\t<div class=\"su-post-excerpt\">\n\t\t\t\t\t<p>Aufregung in Fort Vaudois \u2013 Billy Bosco hatte die Bank ausgeraubt und war spurlos verschwunden! Sheriff Mini Mooney setzte ein hohes Kopfgeld auf ihn aus und Kopfgeldj\u00e4gerin Renegade Renggli machte &#8230; <a title=\"Sonntag, 23.02.2025\" class=\"read-more\" href=\"https:\/\/www.jwl.ch\/?p=120841\" aria-label=\"Mehr Informationen \u00fcber Sonntag, 23.02.2025\">Weiterlesen<\/a><\/p>\n\t\t\t\t<\/div>\n\n\t\t\t\t\n\t\t\t<\/div>\n\n\t\t\n\t\n<\/div>\n\n<h2>Alles wichtige zum Winterlager<\/h2>\n<div class=\"su-tabs su-tabs-style-default su-tabs-mobile-stack su-tabs-vertical\" data-active=\"1\" data-scroll-offset=\"0\" data-anchor-in-url=\"no\"><div class=\"su-tabs-nav\"><span class=\"\" data-url=\"\" data-target=\"blank\" tabindex=\"0\" role=\"button\">Anmelden<\/span><span class=\"\" data-url=\"\" data-target=\"blank\" tabindex=\"0\" role=\"button\">Eckdaten<\/span><span class=\"\" data-url=\"\" data-target=\"blank\" tabindex=\"0\" role=\"button\">Mitmachen<\/span><span class=\"\" data-url=\"\" data-target=\"blank\" tabindex=\"0\" role=\"button\">Winterlager - was ist das?<\/span><span class=\"\" data-url=\"\" data-target=\"blank\" tabindex=\"0\" role=\"button\">Kosten<\/span><span class=\"\" data-url=\"\" data-target=\"blank\" tabindex=\"0\" role=\"button\">Fragen<\/span><\/div><div class=\"su-tabs-panes\"><div class=\"su-tabs-pane su-u-clearfix su-u-trim\" data-title=\"Anmelden\">Die Anmeldung findest du <a href=\"https:\/\/www.jwl.ch\/wp-content\/uploads\/2024\/12\/Info-1_Wila-25.pdf\">hier im Info 1.<\/a><\/p>\n<p>Werfe sie bis am 2. Februar 2025 in unseren Briefkasten (Jungwacht Littau, Gasshofstr. 2, 6014 Luzern).<\/div>\n<div class=\"su-tabs-pane su-u-clearfix su-u-trim\" data-title=\"Eckdaten\">Unser Winterlager findet vom <strong>Sonntag 23. bis Freitag 28.02.2024<\/strong> in Waadt statt.<\/div>\n<div class=\"su-tabs-pane su-u-clearfix su-u-trim\" data-title=\"Mitmachen\"><strong>Jedes Kind\/Jugendliche ab der 1. Klasse darf mitkommen.<\/strong> Man muss nicht in der Jungwacht oder im Blauring sein, um mit ins Lager zu kommen.<\/div>\n<div class=\"su-tabs-pane su-u-clearfix su-u-trim\" data-title=\"Winterlager - was ist das?\">Die Jungwacht Littau verbringt jedes Jahr gemeinsam mit dem Blauring Littau eine unvergessliche Woche zu Beginn der Fasnachtsferien. In und um ein grosses Lagerhaus werden wir Aktivit\u00e4ten wie Spielturniere, Gel\u00e4ndespiele und Ateliers machen. Wir basten tolle Sachen und machen einen Ausflug in der Umgebung.<\/p>\n<p>Meistens gibt es am Morgen, Nachmittag und am Abend ein obligatorisches Programm \u00e0 2 \u2013 3 Stunden. Wir legen Wert auf ein abwechslungsreiches Programm und machen verschiedene Sportarten, so dass f\u00fcr jeden was dabei ist. Auch w\u00e4hrend der Freizeit k\u00f6nnen die Kinder zusammen mit Leitungspersonen spielen, werken und eigene Projekte umsetzen.<\/p>\n<p>\u00dcber das ganze Lager hinweg gibt es eine Geschichte (Motto), welche jedes Lager einzigartig macht. Das Motto wird ins Lagerprogramm integriert und ist mitunter eines der Highlights des Lagers.<\/p>\n<p>Neben einem Fr\u00fchst\u00fcck, Mittag- und Abendessen (meist zwei warme Mahlzeiten pro Tag) gibt es auch leckere Zwischenverpflegungen.<\/p>\n<p>Unter der Leitung von jungen Erwachsenen und Jugendlichen so wie unserem Pr\u00e4ses ist f\u00fcr viel Spass, Freude und unvergessliche Momente gesorgt!<\/p>\n<p>Unterst\u00fctzt werden wir dabei unteranderem durch Jugend+Sport (J+S). Ein Coach von J+S kontrolliert unser Lagerprogramm und die Leitungspersonen absolvieren spezielle Ausbildungskurse, so dass jederzeit f\u00fcr eine angemessene Sicherheit gesorgt ist.<\/div>\n<div class=\"su-tabs-pane su-u-clearfix su-u-trim\" data-title=\"Kosten\">Der Lagerbeitrag betr\u00e4gt <strong>180 Franken<\/strong>. Falls mehrere Kinder derselben Familie das Sommerlager besuchen (auch beim Blauring), reduziert sich der Beitrag auf je 170 Franken.<\/p>\n<p>Dabei sein auch mit wenig Geld: Wir sind Partner der <strong>KulturLegi<\/strong>, somit erhalten Kinder und Jugendlichen, die im Besitz der KulturLegi sind, <strong>70% Rabatt<\/strong> =&gt; <a href=\"http:\/\/www.jubla.ch\/kulturlegi\">weitere Infos<\/a><\/p>\n<p>Solltet ihr trotzdem die Lagerkosten nicht aufbringen k\u00f6nnen, meldet euch bitte beim <strong>Pr\u00e4ses Res Wyler<\/strong> (079\u2018530\u201813\u201995).<\/div>\n<div class=\"su-tabs-pane su-u-clearfix su-u-trim\" data-title=\"Fragen\">Wenn ihr noch Fragen habt, so k\u00f6nnt ihr euch direkt bei der Lagerleitung melden:<\/p>\n<p><a href=\"mailto:larissarenggli@gmail.com\">Larissa Renggli<\/a> 078 911 83 46<\/p>\n<p><a href=\"mailto:manuel.marbacher@hispeed.ch\">Manuel Marbacher<\/a> 079 872 48 64<\/div><\/div><\/div>\n<p>&nbsp;<\/p>\n","protected":false},"excerpt":{"rendered":"<p>News aus dem Lager Alles wichtige zum Winterlager &nbsp;<\/p>\n","protected":false},"author":3,"featured_media":0,"parent":1648,"menu_order":0,"comment_status":"closed","ping_status":"closed","template":"","meta":{"footnotes":""},"class_list":["post-120816","page","type-page","status-publish","hentry"],"aioseo_notices":[],"_links":{"self":[{"href":"https:\/\/www.jwl.ch\/index.php?rest_route=\/wp\/v2\/pages\/120816","targetHints":{"allow":["GET"]}}],"collection":[{"href":"https:\/\/www.jwl.ch\/index.php?rest_route=\/wp\/v2\/pages"}],"about":[{"href":"https:\/\/www.jwl.ch\/index.php?rest_route=\/wp\/v2\/types\/page"}],"author":[{"embeddable":true,"href":"https:\/\/www.jwl.ch\/index.php?rest_route=\/wp\/v2\/users\/3"}],"replies":[{"embeddable":true,"href":"https:\/\/www.jwl.ch\/index.php?rest_route=%2Fwp%2Fv2%2Fcomments&post=120816"}],"version-history":[{"count":4,"href":"https:\/\/www.jwl.ch\/index.php?rest_route=\/wp\/v2\/pages\/120816\/revisions"}],"predecessor-version":[{"id":120840,"href":"https:\/\/www.jwl.ch\/index.php?rest_route=\/wp\/v2\/pages\/120816\/revisions\/120840"}],"up":[{"embeddable":true,"href":"https:\/\/www.jwl.ch\/index.php?rest_route=\/wp\/v2\/pages\/1648"}],"wp:attachment":[{"href":"https:\/\/www.jwl.ch\/index.php?rest_route=%2Fwp%2Fv2%2Fmedia&parent=120816"}],"curies":[{"name":"wp","href":"https:\/\/api.w.org\/{rel}","templated":true}]}}