{"id":120763,"date":"2024-07-29T18:42:23","date_gmt":"2024-07-29T16:42:23","guid":{"rendered":"https:\/\/www.jwl.ch\/?page_id=120763"},"modified":"2024-09-05T22:51:58","modified_gmt":"2024-09-05T20:51:58","slug":"jublachilbi-2024","status":"publish","type":"page","link":"https:\/\/www.jwl.ch\/?page_id=120763","title":{"rendered":"Jublachilbi 2024"},"content":{"rendered":"<p>Am <strong>07. September 2024<\/strong> ist es wieder soweit: Wir von Jungwacht und Blauring Littau laden Gross und Klein herzlich zu unserer \u00abJublachilbi\u00bb ein.<br \/>\nWir bieten vielf\u00e4ltige \u00abChilbist\u00e4nde\u00bb mit einer breiten Palette an Spielen, sportlichen Aktivit\u00e4ten und kreativen Bastelangeboten. Zudem erwartet euch in unserer Festwirtschaft eine tolle Auswahl an Speisen und Getr\u00e4nken.<br \/>\nGemeinsam schaffen wir einen Tag voller lachenden Gesichtern und Lebensfreu(n)de. Kommt vorbei und besucht die \u00abJublachilbi\u00bb! Wir freuen uns darauf!<\/p>\n<h3>Das Wichtigste in K\u00fcrze:<\/h3>\n<p>Im Flyer findest du die wichtigsten Informationen: <a href=\"https:\/\/www.jwl.ch\/wp-content\/uploads\/2024\/07\/Werbeflyer_Webseite.pdf\">Flyer<\/a><\/p>\n<h3>Helfende gesucht:<\/h3>\n<p>Hast du Lust und Interesse uns an der Jublachilbi zu unterst\u00fctzen? Wir w\u00fcrden uns sehr freuen, wenn du f\u00fcr 1-2 Schichten (\u00e0 2h) Getr\u00e4nke in der Festwirtschaft ausschenkst oder einen Chilbistand betreust. Du wirst jeweils von anderen Helfenden unterst\u00fctzt, so dass du nicht alleine an einem Stand sein musst. F\u00fcr unsere Helfenden ist die Verpflegung an der Chilbi gratis.<\/p>\n<p>Melde dich bei uns unter\u00a0<a title=\"jubla.chilbi@gmail.com\" href=\"mailto:jubla.chilbi@gmail.com\">jubla.chilbi@gmail.com<\/a>.<\/p>\n<h3>Was ist die Jubla Chilbi?<\/h3>\n<p>Die Jublachilbi ist ein Anlass der Jungwacht und dem Blauring Littau. An diesem Grossanlass wollen wir den Kindern, Familien und ganz Littau einen erlebnisreichen Tag bieten. Dieser Tag soll mit vielen lachenden Gesichtern und jeder Menge Lebensfreu(n)de in Erinnerung bleiben.<\/p>\n<h3>Wo findet die Jubla Chilbi statt?<\/h3>\n<p>Am <strong>Samstag 7. September<\/strong> findet die Jublachilbi\u00a0 auf dem <b>Dorfplatz Littau<\/b> von 11 bis 20 Uhr statt.<\/p>\n<h3>Wie komme ich zur Jubla Chilbi?<\/h3>\n<p>Wir empfehlen die Anreise zu Fuss, mit dem Fahrrad oder mit dem \u00d6V. Daf\u00fcr k\u00f6nnt ihr die Bus Linie 12 bis Littau Gasshof nehmen und von dort aus anschliessend 5 Minuten zu Fuss laufen oder mit der Linie 30 oder 40 bis zur Haltestelle Littau Dorf fahren.<\/p>\n<p>Parkpl\u00e4tze stehen beschr\u00e4nkt in der N\u00e4he, bei der Kirche St. Theodul in Littau zu Verf\u00fcgung.<\/p>\n<p><img loading=\"lazy\" decoding=\"async\" class=\"aligncenter wp-image-120315\" src=\"https:\/\/www.jwl.ch\/wp-content\/uploads\/2023\/08\/Lageplan_Jublachilbi-1000x838.png\" alt=\"\" width=\"500\" height=\"419\" srcset=\"https:\/\/www.jwl.ch\/wp-content\/uploads\/2023\/08\/Lageplan_Jublachilbi-1000x838.png 1000w, https:\/\/www.jwl.ch\/wp-content\/uploads\/2023\/08\/Lageplan_Jublachilbi-768x644.png 768w, https:\/\/www.jwl.ch\/wp-content\/uploads\/2023\/08\/Lageplan_Jublachilbi-400x335.png 400w, https:\/\/www.jwl.ch\/wp-content\/uploads\/2023\/08\/Lageplan_Jublachilbi.png 1062w\" sizes=\"auto, (max-width: 500px) 100vw, 500px\" \/><\/p>\n<h3>Welche St\u00e4nde kommen an die Jubla Chilbi?<\/h3>\n<p>Die genauen St\u00e4nde k\u00f6nnen wir dir noch nicht verraten. Aber du kannst die auf viele alte und zum Teil auch neue St\u00e4nde freuen. Sei gespannt!<\/p>\n<h3>Wie sieht denn die Jubla Chilbi aus?<\/h3>\n<p>Hier haben wir dir ein paar Bilder aus vergangenen Jahren:<\/p>\n<div class=\"rl-gallery-container rl-loading\" id=\"rl-gallery-container-1\" data-gallery_id=\"29023\"> <div class=\"rl-gallery rl-basicmasonry-gallery \" id=\"rl-gallery-1\" data-gallery_no=\"1\"> <div class=\"rl-gutter-sizer\"><\/div><div class=\"rl-grid-sizer\"><\/div> <div class=\"rl-gallery-item rl-gallery-item-width-4\" > <div class=\"rl-gallery-item-content\"> <a href=\"https:\/\/www.jwl.ch\/wp-content\/uploads\/2022\/05\/IMG_9796-scaled.jpg\" title=\"\" data-rl_title=\"\" class=\"rl-gallery-link\" data-rl_caption=\"\" data-rel=\"lightbox-gallery-1\"><img loading=\"lazy\" decoding=\"async\" src=\"https:\/\/www.jwl.ch\/wp-content\/uploads\/2022\/05\/IMG_9796-1200x800.jpg\" width=\"1200\" height=\"800\" alt=\"\"\/><\/a> <\/div> <\/div> <div class=\"rl-gallery-item\" > <div class=\"rl-gallery-item-content\"> <a href=\"https:\/\/www.jwl.ch\/wp-content\/uploads\/2022\/05\/IMG_9798-scaled.jpg\" title=\"\" data-rl_title=\"\" class=\"rl-gallery-link\" data-rl_caption=\"\" data-rel=\"lightbox-gallery-1\"><img loading=\"lazy\" decoding=\"async\" src=\"https:\/\/www.jwl.ch\/wp-content\/uploads\/2022\/05\/IMG_9798-1200x800.jpg\" width=\"1200\" height=\"800\" alt=\"\"\/><\/a> <\/div> <\/div> <div class=\"rl-gallery-item\" > <div class=\"rl-gallery-item-content\"> <a href=\"https:\/\/www.jwl.ch\/wp-content\/uploads\/2022\/05\/IMG_9801-scaled.jpg\" title=\"\" data-rl_title=\"\" class=\"rl-gallery-link\" data-rl_caption=\"\" data-rel=\"lightbox-gallery-1\"><img loading=\"lazy\" decoding=\"async\" src=\"https:\/\/www.jwl.ch\/wp-content\/uploads\/2022\/05\/IMG_9801-1200x800.jpg\" width=\"1200\" height=\"800\" alt=\"\"\/><\/a> <\/div> <\/div> <div class=\"rl-gallery-item\" > <div class=\"rl-gallery-item-content\"> <a href=\"https:\/\/www.jwl.ch\/wp-content\/uploads\/2022\/05\/IMG_9804-scaled.jpg\" title=\"\" data-rl_title=\"\" class=\"rl-gallery-link\" data-rl_caption=\"\" data-rel=\"lightbox-gallery-1\"><img loading=\"lazy\" decoding=\"async\" src=\"https:\/\/www.jwl.ch\/wp-content\/uploads\/2022\/05\/IMG_9804-1200x800.jpg\" width=\"1200\" height=\"800\" alt=\"\"\/><\/a> <\/div> <\/div> <div class=\"rl-gallery-item\" > <div class=\"rl-gallery-item-content\"> <a href=\"https:\/\/www.jwl.ch\/wp-content\/uploads\/2022\/05\/IMG_9805-scaled.jpg\" title=\"\" data-rl_title=\"\" class=\"rl-gallery-link\" data-rl_caption=\"\" data-rel=\"lightbox-gallery-1\"><img loading=\"lazy\" decoding=\"async\" src=\"https:\/\/www.jwl.ch\/wp-content\/uploads\/2022\/05\/IMG_9805-800x1200.jpg\" width=\"800\" height=\"1200\" alt=\"\"\/><\/a> <\/div> <\/div> <div class=\"rl-gallery-item\" > <div class=\"rl-gallery-item-content\"> <a href=\"https:\/\/www.jwl.ch\/wp-content\/uploads\/2022\/05\/IMG_9811-scaled.jpg\" title=\"\" data-rl_title=\"\" class=\"rl-gallery-link\" data-rl_caption=\"\" data-rel=\"lightbox-gallery-1\"><img loading=\"lazy\" decoding=\"async\" src=\"https:\/\/www.jwl.ch\/wp-content\/uploads\/2022\/05\/IMG_9811-1200x800.jpg\" width=\"1200\" height=\"800\" alt=\"\"\/><\/a> <\/div> <\/div> <div class=\"rl-gallery-item\" > <div class=\"rl-gallery-item-content\"> <a href=\"https:\/\/www.jwl.ch\/wp-content\/uploads\/2022\/05\/IMG_9816-scaled.jpg\" title=\"\" data-rl_title=\"\" class=\"rl-gallery-link\" data-rl_caption=\"\" data-rel=\"lightbox-gallery-1\"><img loading=\"lazy\" decoding=\"async\" src=\"https:\/\/www.jwl.ch\/wp-content\/uploads\/2022\/05\/IMG_9816-1200x800.jpg\" width=\"1200\" height=\"800\" alt=\"\"\/><\/a> <\/div> <\/div> <div class=\"rl-gallery-item\" > <div class=\"rl-gallery-item-content\"> <a href=\"https:\/\/www.jwl.ch\/wp-content\/uploads\/2022\/05\/IMG_9819-scaled.jpg\" title=\"\" data-rl_title=\"\" class=\"rl-gallery-link\" data-rl_caption=\"\" data-rel=\"lightbox-gallery-1\"><img loading=\"lazy\" decoding=\"async\" src=\"https:\/\/www.jwl.ch\/wp-content\/uploads\/2022\/05\/IMG_9819-1200x800.jpg\" width=\"1200\" height=\"800\" alt=\"\"\/><\/a> <\/div> <\/div> <div class=\"rl-gallery-item\" > <div class=\"rl-gallery-item-content\"> <a href=\"https:\/\/www.jwl.ch\/wp-content\/uploads\/2022\/05\/IMG_9830-scaled.jpg\" title=\"\" data-rl_title=\"\" class=\"rl-gallery-link\" data-rl_caption=\"\" data-rel=\"lightbox-gallery-1\"><img loading=\"lazy\" decoding=\"async\" src=\"https:\/\/www.jwl.ch\/wp-content\/uploads\/2022\/05\/IMG_9830-1200x800.jpg\" width=\"1200\" height=\"800\" alt=\"\"\/><\/a> <\/div> <\/div> <div class=\"rl-gallery-item\" > <div class=\"rl-gallery-item-content\"> <a href=\"https:\/\/www.jwl.ch\/wp-content\/uploads\/2022\/05\/IMG_9841-scaled.jpg\" title=\"\" data-rl_title=\"\" class=\"rl-gallery-link\" data-rl_caption=\"\" data-rel=\"lightbox-gallery-1\"><img loading=\"lazy\" decoding=\"async\" src=\"https:\/\/www.jwl.ch\/wp-content\/uploads\/2022\/05\/IMG_9841-1200x800.jpg\" width=\"1200\" height=\"800\" alt=\"\"\/><\/a> <\/div> <\/div> <div class=\"rl-gallery-item\" > <div class=\"rl-gallery-item-content\"> <a href=\"https:\/\/www.jwl.ch\/wp-content\/uploads\/2022\/05\/IMG_9859-scaled.jpg\" title=\"\" data-rl_title=\"\" class=\"rl-gallery-link\" data-rl_caption=\"\" data-rel=\"lightbox-gallery-1\"><img loading=\"lazy\" decoding=\"async\" src=\"https:\/\/www.jwl.ch\/wp-content\/uploads\/2022\/05\/IMG_9859-1200x800.jpg\" width=\"1200\" height=\"800\" alt=\"\"\/><\/a> <\/div> <\/div> <div class=\"rl-gallery-item\" > <div class=\"rl-gallery-item-content\"> <a href=\"https:\/\/www.jwl.ch\/wp-content\/uploads\/2022\/05\/IMG_9863-scaled.jpg\" title=\"\" data-rl_title=\"\" class=\"rl-gallery-link\" data-rl_caption=\"\" data-rel=\"lightbox-gallery-1\"><img loading=\"lazy\" decoding=\"async\" src=\"https:\/\/www.jwl.ch\/wp-content\/uploads\/2022\/05\/IMG_9863-1200x800.jpg\" width=\"1200\" height=\"800\" alt=\"\"\/><\/a> <\/div> <\/div> <div class=\"rl-gallery-item\" > <div class=\"rl-gallery-item-content\"> <a href=\"https:\/\/www.jwl.ch\/wp-content\/uploads\/2022\/05\/IMG_9879-scaled.jpg\" title=\"\" data-rl_title=\"\" class=\"rl-gallery-link\" data-rl_caption=\"\" data-rel=\"lightbox-gallery-1\"><img loading=\"lazy\" decoding=\"async\" src=\"https:\/\/www.jwl.ch\/wp-content\/uploads\/2022\/05\/IMG_9879-1200x800.jpg\" width=\"1200\" height=\"800\" alt=\"\"\/><\/a> <\/div> <\/div> <div class=\"rl-gallery-item\" > <div class=\"rl-gallery-item-content\"> <a href=\"https:\/\/www.jwl.ch\/wp-content\/uploads\/2022\/05\/IMG_9740-scaled.jpg\" title=\"\" data-rl_title=\"\" class=\"rl-gallery-link\" data-rl_caption=\"\" data-rel=\"lightbox-gallery-1\"><img loading=\"lazy\" decoding=\"async\" src=\"https:\/\/www.jwl.ch\/wp-content\/uploads\/2022\/05\/IMG_9740-1200x800.jpg\" width=\"1200\" height=\"800\" alt=\"\"\/><\/a> <\/div> <\/div> <div class=\"rl-gallery-item\" > <div class=\"rl-gallery-item-content\"> <a href=\"https:\/\/www.jwl.ch\/wp-content\/uploads\/2022\/05\/IMG_9750-scaled.jpg\" title=\"\" data-rl_title=\"\" class=\"rl-gallery-link\" data-rl_caption=\"\" data-rel=\"lightbox-gallery-1\"><img loading=\"lazy\" decoding=\"async\" src=\"https:\/\/www.jwl.ch\/wp-content\/uploads\/2022\/05\/IMG_9750-1200x800.jpg\" width=\"1200\" height=\"800\" alt=\"\"\/><\/a> <\/div> <\/div> <div class=\"rl-gallery-item\" > <div class=\"rl-gallery-item-content\"> <a href=\"https:\/\/www.jwl.ch\/wp-content\/uploads\/2022\/05\/IMG_9758-scaled.jpg\" title=\"\" data-rl_title=\"\" class=\"rl-gallery-link\" data-rl_caption=\"\" data-rel=\"lightbox-gallery-1\"><img loading=\"lazy\" decoding=\"async\" src=\"https:\/\/www.jwl.ch\/wp-content\/uploads\/2022\/05\/IMG_9758-1200x800.jpg\" width=\"1200\" height=\"800\" alt=\"\"\/><\/a> <\/div> <\/div> <div class=\"rl-gallery-item\" > <div class=\"rl-gallery-item-content\"> <a href=\"https:\/\/www.jwl.ch\/wp-content\/uploads\/2022\/05\/IMG_9770-scaled.jpg\" title=\"\" data-rl_title=\"\" class=\"rl-gallery-link\" data-rl_caption=\"\" data-rel=\"lightbox-gallery-1\"><img loading=\"lazy\" decoding=\"async\" src=\"https:\/\/www.jwl.ch\/wp-content\/uploads\/2022\/05\/IMG_9770-1200x800.jpg\" width=\"1200\" height=\"800\" alt=\"\"\/><\/a> <\/div> <\/div> <div class=\"rl-gallery-item\" > <div class=\"rl-gallery-item-content\"> <a href=\"https:\/\/www.jwl.ch\/wp-content\/uploads\/2022\/05\/IMG_9774-scaled.jpg\" title=\"\" data-rl_title=\"\" class=\"rl-gallery-link\" data-rl_caption=\"\" data-rel=\"lightbox-gallery-1\"><img loading=\"lazy\" decoding=\"async\" src=\"https:\/\/www.jwl.ch\/wp-content\/uploads\/2022\/05\/IMG_9774-1200x800.jpg\" width=\"1200\" height=\"800\" alt=\"\"\/><\/a> <\/div> <\/div> <div class=\"rl-gallery-item\" > <div class=\"rl-gallery-item-content\"> <a href=\"https:\/\/www.jwl.ch\/wp-content\/uploads\/2022\/05\/IMG_9784-scaled.jpg\" title=\"\" data-rl_title=\"\" class=\"rl-gallery-link\" data-rl_caption=\"\" data-rel=\"lightbox-gallery-1\"><img loading=\"lazy\" decoding=\"async\" src=\"https:\/\/www.jwl.ch\/wp-content\/uploads\/2022\/05\/IMG_9784-1200x800.jpg\" width=\"1200\" height=\"800\" alt=\"\"\/><\/a> <\/div> <\/div> <\/div> <\/div>\n<div id=\"cc-m-11926881621\" class=\"j-module n j-header \">\n<h3 id=\"cc-m-header-11926881621\" class=\"\">Noch Fragen?<\/h3>\n<\/div>\n<div id=\"cc-m-11926881821\" class=\"j-module n j-text \">\n<p>Unser OK steht dir gerne bei Fragen zu Verf\u00fcgung. Schreib uns doch eine Mail an\u00a0<a title=\"jubla.chilbi@gmail.com\" href=\"mailto:jubla.chilbi@gmail.com\">jubla.chilbi@gmail.com<\/a>.<\/p>\n<h3>Wir sagen DANKE<\/h3>\n<p>Unsere Jublachilbi wird von folgenden grossz\u00fcgigen Sponsoren unterst\u00fctzt:<\/p>\n<ul>\n<li>L\u00f6tscher Tiefbau AG \/ L\u00f6tscher Logistik AG<\/li>\n<li>Stadt Luzern, F\u00f6rderpool Kinder- und Jugendarbeit<\/li>\n<li>Haldi Bedachungen AG<\/li>\n<li>LUEG AG<\/li>\n<li>BRAUEREI LUZERN AG<\/li>\n<li>Wohnbaugenossenschaft WGL Littau<\/li>\n<li>Raiffeisenbank Littau-Reussb\u00fchl<\/li>\n<li>Studer Innenausbau AG<\/li>\n<li>Concordia Krankenkasse<\/li>\n<\/ul>\n<p>Ohne ihre finanziellen Beitr\u00e4ge, w\u00e4re ein solcher Anlass nicht m\u00f6glich. Aus diesem Grund bedanken wir uns herzlich f\u00fcr ihre Unterst\u00fctzung f\u00fcr unsere Jubla\u00a0Chilbi.<\/p>\n<p><a href=\"https:\/\/www.ltp.ch\/\" target=\"_blank\" rel=\"noopener\"><img loading=\"lazy\" decoding=\"async\" class=\"alignnone wp-image-48023 \" src=\"https:\/\/www.jwl.ch\/wp-content\/uploads\/2022\/07\/Loetscher_Plus_RGB-1000x215.jpg\" alt=\"\" width=\"1028\" height=\"221\" srcset=\"https:\/\/www.jwl.ch\/wp-content\/uploads\/2022\/07\/Loetscher_Plus_RGB-1000x215.jpg 1000w, https:\/\/www.jwl.ch\/wp-content\/uploads\/2022\/07\/Loetscher_Plus_RGB-768x165.jpg 768w, https:\/\/www.jwl.ch\/wp-content\/uploads\/2022\/07\/Loetscher_Plus_RGB-400x86.jpg 400w, https:\/\/www.jwl.ch\/wp-content\/uploads\/2022\/07\/Loetscher_Plus_RGB.jpg 1100w\" sizes=\"auto, (max-width: 1028px) 100vw, 1028px\" \/><\/a><\/p>\n<p><img loading=\"lazy\" decoding=\"async\" class=\"alignnone size-full wp-image-120321\" src=\"https:\/\/www.jwl.ch\/wp-content\/uploads\/2023\/08\/Stadt-Luzern-Logo-CMYK-JPEG.jpeg\" alt=\"\" width=\"739\" height=\"288\" srcset=\"https:\/\/www.jwl.ch\/wp-content\/uploads\/2023\/08\/Stadt-Luzern-Logo-CMYK-JPEG.jpeg 739w, https:\/\/www.jwl.ch\/wp-content\/uploads\/2023\/08\/Stadt-Luzern-Logo-CMYK-JPEG-400x156.jpeg 400w\" sizes=\"auto, (max-width: 739px) 100vw, 739px\" \/><\/p>\n<p><img loading=\"lazy\" decoding=\"async\" class=\"alignnone size-full wp-image-120322\" src=\"https:\/\/www.jwl.ch\/wp-content\/uploads\/2023\/08\/Haldi_Logo.png\" alt=\"\" width=\"1000\" height=\"236\" srcset=\"https:\/\/www.jwl.ch\/wp-content\/uploads\/2023\/08\/Haldi_Logo.png 1000w, https:\/\/www.jwl.ch\/wp-content\/uploads\/2023\/08\/Haldi_Logo-768x181.png 768w, https:\/\/www.jwl.ch\/wp-content\/uploads\/2023\/08\/Haldi_Logo-400x94.png 400w\" sizes=\"auto, (max-width: 1000px) 100vw, 1000px\" \/><\/p>\n<p><img loading=\"lazy\" decoding=\"async\" class=\"alignnone wp-image-120323\" src=\"https:\/\/www.jwl.ch\/wp-content\/uploads\/2023\/08\/LUEG_Schweiz_Logo_p_rgb-1000x287.png\" alt=\"\" width=\"384\" height=\"110\" srcset=\"https:\/\/www.jwl.ch\/wp-content\/uploads\/2023\/08\/LUEG_Schweiz_Logo_p_rgb-1000x287.png 1000w, https:\/\/www.jwl.ch\/wp-content\/uploads\/2023\/08\/LUEG_Schweiz_Logo_p_rgb-1200x344.png 1200w, https:\/\/www.jwl.ch\/wp-content\/uploads\/2023\/08\/LUEG_Schweiz_Logo_p_rgb-768x220.png 768w, https:\/\/www.jwl.ch\/wp-content\/uploads\/2023\/08\/LUEG_Schweiz_Logo_p_rgb-1536x440.png 1536w, https:\/\/www.jwl.ch\/wp-content\/uploads\/2023\/08\/LUEG_Schweiz_Logo_p_rgb-2048x587.png 2048w, https:\/\/www.jwl.ch\/wp-content\/uploads\/2023\/08\/LUEG_Schweiz_Logo_p_rgb-400x115.png 400w\" sizes=\"auto, (max-width: 384px) 100vw, 384px\" \/><\/p>\n<p><a href=\"https:\/\/brauerei.lu\/\" target=\"_blank\" rel=\"noopener\"><img loading=\"lazy\" decoding=\"async\" class=\"alignleft wp-image-48025\" src=\"https:\/\/www.jwl.ch\/wp-content\/uploads\/2022\/07\/01_LUB_Logo_rgb-1000x899.png\" alt=\"\" width=\"183\" height=\"164\" srcset=\"https:\/\/www.jwl.ch\/wp-content\/uploads\/2022\/07\/01_LUB_Logo_rgb-1000x899.png 1000w, https:\/\/www.jwl.ch\/wp-content\/uploads\/2022\/07\/01_LUB_Logo_rgb-768x691.png 768w, https:\/\/www.jwl.ch\/wp-content\/uploads\/2022\/07\/01_LUB_Logo_rgb-400x360.png 400w, https:\/\/www.jwl.ch\/wp-content\/uploads\/2022\/07\/01_LUB_Logo_rgb.png 1200w\" sizes=\"auto, (max-width: 183px) 100vw, 183px\" \/><\/a><a href=\"https:\/\/www.wgl.lu\/\" target=\"_blank\" rel=\"noopener\"><img loading=\"lazy\" decoding=\"async\" class=\"alignleft wp-image-48024\" src=\"https:\/\/www.jwl.ch\/wp-content\/uploads\/2022\/07\/wgl.png\" alt=\"\" width=\"187\" height=\"107\" \/><\/a><\/p>\n<p>&nbsp;<\/p>\n<p>&nbsp;<\/p>\n<p>&nbsp;<\/p>\n<p>&nbsp;<\/p>\n<p>&nbsp;<\/p>\n<p>Auch eine Tombola w\u00e4re ohne Sponsoren nicht in einem solch grossem Umfang m\u00f6glich gewesen. Von folgenden Unternehmen kannst du etwas an der Tombola gewinnen:<\/p>\n<ul>\n<li>Alpamare<\/li>\n<li>Amstutz Manufaktur<\/li>\n<li>Apotheke Fangh\u00f6fli Luzern AG<\/li>\n<li>Arosa Bergbahnen<\/li>\n<li>Bergbahnen Meiringen Hasliberg AG<\/li>\n<li>Bergbahnen Soerenberg<\/li>\n<li>Brunni-Bahnen Engelberg AG<\/li>\n<li>Circus Monti AG<\/li>\n<li>Conny Land AG<\/li>\n<li>Des Alpes<\/li>\n<li>Emma&#8217;s B\u00e4ckerei<\/li>\n<li>Emmen Center Verwaltung<\/li>\n<li>ewl energie wasser luzern<\/li>\n<li>Freilichtmuseum Ballenberg<\/li>\n<li>Gaby&#8217;s Hofboutique (Hirschpark)<\/li>\n<li>G\u00e4ste-Service Rigi<\/li>\n<li>Glassier Express<\/li>\n<li>Hirschmatt Buchhandlung<\/li>\n<li>Hofbeiz-Hinter Musegg<\/li>\n<li>KKL\u00a0Luzern\u00a0Management\u00a0AG<\/li>\n<li>Ludothek Littau<\/li>\n<li>Lenzerheide Bergbahnen AG<\/li>\n<li>Luftseilbahn Dallenwil-Wirzweli AG<\/li>\n<li>Maison Fleur<\/li>\n<li>Markthalle Luzern<\/li>\n<li>Metzgerei Doggwiler<\/li>\n<li>Mill\u2019Feuille<\/li>\n<li>OTTO&#8217;S AG<\/li>\n<li>Papiliorama<\/li>\n<li>Pilatus-Bahnen AG<\/li>\n<li>Sattel-Hochstuckli AG<\/li>\n<li>Schubi Weine AG<\/li>\n<li>Swiss Miniatur<\/li>\n<li>Technorama<\/li>\n<li>Titlis Bergbahnen<\/li>\n<li>Treib-Seelisberg-Bahn<\/li>\n<li>Verkehrsbetriebe Luzern AG<\/li>\n<li>zb Zentralbahn AG<\/li>\n<li>Zermatt Bergbahnen AG<\/li>\n<li>Zoo Z\u00fcrich AG<\/li>\n<li>Zoologischer Garten Basel AG<\/li>\n<\/ul>\n<\/div>\n","protected":false},"excerpt":{"rendered":"<p>Am 07. September 2024 ist es wieder soweit: Wir von Jungwacht und Blauring Littau laden Gross und Klein herzlich zu unserer \u00abJublachilbi\u00bb ein. Wir bieten vielf\u00e4ltige \u00abChilbist\u00e4nde\u00bb mit einer breiten &#8230; <a title=\"Jublachilbi 2024\" class=\"read-more\" href=\"https:\/\/www.jwl.ch\/?page_id=120763\" aria-label=\"Mehr Informationen \u00fcber Jublachilbi 2024\">Weiterlesen<\/a><\/p>\n","protected":false},"author":3,"featured_media":0,"parent":3530,"menu_order":0,"comment_status":"closed","ping_status":"closed","template":"","meta":{"footnotes":""},"class_list":["post-120763","page","type-page","status-publish"],"aioseo_notices":[],"_links":{"self":[{"href":"https:\/\/www.jwl.ch\/index.php?rest_route=\/wp\/v2\/pages\/120763","targetHints":{"allow":["GET"]}}],"collection":[{"href":"https:\/\/www.jwl.ch\/index.php?rest_route=\/wp\/v2\/pages"}],"about":[{"href":"https:\/\/www.jwl.ch\/index.php?rest_route=\/wp\/v2\/types\/page"}],"author":[{"embeddable":true,"href":"https:\/\/www.jwl.ch\/index.php?rest_route=\/wp\/v2\/users\/3"}],"replies":[{"embeddable":true,"href":"https:\/\/www.jwl.ch\/index.php?rest_route=%2Fwp%2Fv2%2Fcomments&post=120763"}],"version-history":[{"count":9,"href":"https:\/\/www.jwl.ch\/index.php?rest_route=\/wp\/v2\/pages\/120763\/revisions"}],"predecessor-version":[{"id":120784,"href":"https:\/\/www.jwl.ch\/index.php?rest_route=\/wp\/v2\/pages\/120763\/revisions\/120784"}],"up":[{"embeddable":true,"href":"https:\/\/www.jwl.ch\/index.php?rest_route=\/wp\/v2\/pages\/3530"}],"wp:attachment":[{"href":"https:\/\/www.jwl.ch\/index.php?rest_route=%2Fwp%2Fv2%2Fmedia&parent=120763"}],"curies":[{"name":"wp","href":"https:\/\/api.w.org\/{rel}","templated":true}]}}