{"id":120401,"date":"2023-12-22T08:34:06","date_gmt":"2023-12-22T07:34:06","guid":{"rendered":"https:\/\/www.jwl.ch\/?page_id=120401"},"modified":"2025-03-10T15:25:18","modified_gmt":"2025-03-10T14:25:18","slug":"winterlager-2024","status":"publish","type":"page","link":"https:\/\/www.jwl.ch\/?page_id=120401","title":{"rendered":"Winterlager 2024"},"content":{"rendered":"<h2>News aus dem Lager<\/h2>\n\n\n<div class=\"su-posts su-posts-default-loop \">\n\n\t\n\t\t\t\t\t\n\t\t\t\n\t\t\t<div id=\"su-post-120440\" class=\"su-post \">\n\n\t\t\t\t\n\t\t\t\t<h2 class=\"su-post-title\"><a href=\"https:\/\/www.jwl.ch\/?p=120440\">Samstag, 03.02.2024<\/a><\/h2>\n\n\t\t\t\t<div class=\"su-post-meta\">\n\t\t\t\t\tVer\u00f6ffentlicht: 4. Februar 2024\t\t\t\t<\/div>\n\n\t\t\t\t<div class=\"su-post-excerpt\">\n\t\t\t\t\t<p>Die Rekruten und Rekrutinnen st\u00fcrmten mit einer beeindruckenden Entschlossenheit den vorab vereinbarten Treffpunkt. Dort erwartete sie nicht nur die herzliche Begr\u00fc\u00dfung der Queen, sondern auch ein unerwarteter Gast, David Beckham, &#8230; <a title=\"Samstag, 03.02.2024\" class=\"read-more\" href=\"https:\/\/www.jwl.ch\/?p=120440\" aria-label=\"Mehr Informationen \u00fcber Samstag, 03.02.2024\">Weiterlesen<\/a><\/p>\n\t\t\t\t<\/div>\n\n\t\t\t\t\n\t\t\t<\/div>\n\n\t\t\t\t\t\n\t\t\t\n\t\t\t<div id=\"su-post-120453\" class=\"su-post \">\n\n\t\t\t\t\n\t\t\t\t<h2 class=\"su-post-title\"><a href=\"https:\/\/www.jwl.ch\/?p=120453\">Sonntag, 04.02.2024<\/a><\/h2>\n\n\t\t\t\t<div class=\"su-post-meta\">\n\t\t\t\t\tVer\u00f6ffentlicht: 4. Februar 2024\t\t\t\t<\/div>\n\n\t\t\t\t<div class=\"su-post-excerpt\">\n\t\t\t\t\t<p>Direkt am Morgen wurden die Rekruten in ein intensives Nahkampftraining gest\u00fcrzt, bei dem ihnen verschiedenste Kampftechniken vermittelt wurden. Gleichzeitig wurden ihre Kenntnisse in den Disziplinen Spionage und Fallanalyse auf die &#8230; <a title=\"Sonntag, 04.02.2024\" class=\"read-more\" href=\"https:\/\/www.jwl.ch\/?p=120453\" aria-label=\"Mehr Informationen \u00fcber Sonntag, 04.02.2024\">Weiterlesen<\/a><\/p>\n\t\t\t\t<\/div>\n\n\t\t\t\t\n\t\t\t<\/div>\n\n\t\t\t\t\t\n\t\t\t\n\t\t\t<div id=\"su-post-120455\" class=\"su-post \">\n\n\t\t\t\t\n\t\t\t\t<h2 class=\"su-post-title\"><a href=\"https:\/\/www.jwl.ch\/?p=120455\">Montag, 05.02.2024<\/a><\/h2>\n\n\t\t\t\t<div class=\"su-post-meta\">\n\t\t\t\t\tVer\u00f6ffentlicht: 6. Februar 2024\t\t\t\t<\/div>\n\n\t\t\t\t<div class=\"su-post-excerpt\">\n\t\t\t\t\t<p>Nach einer ereignisreichen Nacht und leidenschaftlichen Diskussionen fassten die Superagents den Entschluss, den Hinweisen ihres Verb\u00fcndeten auf den Grund zu gehen, um mehr Informationen zu erhalten. Daher wurden die Rekruten &#8230; <a title=\"Montag, 05.02.2024\" class=\"read-more\" href=\"https:\/\/www.jwl.ch\/?p=120455\" aria-label=\"Mehr Informationen \u00fcber Montag, 05.02.2024\">Weiterlesen<\/a><\/p>\n\t\t\t\t<\/div>\n\n\t\t\t\t\n\t\t\t<\/div>\n\n\t\t\t\t\t\n\t\t\t\n\t\t\t<div id=\"su-post-120470\" class=\"su-post \">\n\n\t\t\t\t\n\t\t\t\t<h2 class=\"su-post-title\"><a href=\"https:\/\/www.jwl.ch\/?p=120470\">Dienstag, 06.02.2024<\/a><\/h2>\n\n\t\t\t\t<div class=\"su-post-meta\">\n\t\t\t\t\tVer\u00f6ffentlicht: 8. Februar 2024\t\t\t\t<\/div>\n\n\t\t\t\t<div class=\"su-post-excerpt\">\n\t\t\t\t\t<p>Nach einer anspruchsvollen Pr\u00fcfung, die unsere Grenzen auf die Probe stellte, tauchten wir direkt in neue Herausforderungen ein. Eine intensive Nahkampf-Einheit brachte uns innovative Techniken bei, w\u00e4hrend ein Bogenschie\u00dfkurs unsere &#8230; <a title=\"Dienstag, 06.02.2024\" class=\"read-more\" href=\"https:\/\/www.jwl.ch\/?p=120470\" aria-label=\"Mehr Informationen \u00fcber Dienstag, 06.02.2024\">Weiterlesen<\/a><\/p>\n\t\t\t\t<\/div>\n\n\t\t\t\t\n\t\t\t<\/div>\n\n\t\t\t\t\t\n\t\t\t\n\t\t\t<div id=\"su-post-120478\" class=\"su-post \">\n\n\t\t\t\t\n\t\t\t\t<h2 class=\"su-post-title\"><a href=\"https:\/\/www.jwl.ch\/?p=120478\">Mittwoch, 07.02.2024<\/a><\/h2>\n\n\t\t\t\t<div class=\"su-post-meta\">\n\t\t\t\t\tVer\u00f6ffentlicht: 8. Februar 2024\t\t\t\t<\/div>\n\n\t\t\t\t<div class=\"su-post-excerpt\">\n\t\t\t\t\t<p>Nachdem die Rekruten zu Agenten aufgestiegen sind, haben sie alle einen Tag zur Erholung verdient. Wir haben uns am Morgen fr\u00fch schon auf den Weg zu Fuss in das Hallenbad &#8230; <a title=\"Mittwoch, 07.02.2024\" class=\"read-more\" href=\"https:\/\/www.jwl.ch\/?p=120478\" aria-label=\"Mehr Informationen \u00fcber Mittwoch, 07.02.2024\">Weiterlesen<\/a><\/p>\n\t\t\t\t<\/div>\n\n\t\t\t\t\n\t\t\t<\/div>\n\n\t\t\t\t\t\n\t\t\t\n\t\t\t<div id=\"su-post-120532\" class=\"su-post \">\n\n\t\t\t\t\n\t\t\t\t<h2 class=\"su-post-title\"><a href=\"https:\/\/www.jwl.ch\/?p=120532\">Donnerstag, 08.02.2024<\/a><\/h2>\n\n\t\t\t\t<div class=\"su-post-meta\">\n\t\t\t\t\tVer\u00f6ffentlicht: 15. Februar 2024\t\t\t\t<\/div>\n\n\t\t\t\t<div class=\"su-post-excerpt\">\n\t\t\t\t\t<p>Als wir aus den Federn krochen, erwartete uns bereits ein neuer Ausbildungsblock, der sich mit Erster Hilfe und dem Umgang mit Notfallsituationen besch\u00e4ftigte, gepaart mit einem Crashkurs im Zeltaufbau unter &#8230; <a title=\"Donnerstag, 08.02.2024\" class=\"read-more\" href=\"https:\/\/www.jwl.ch\/?p=120532\" aria-label=\"Mehr Informationen \u00fcber Donnerstag, 08.02.2024\">Weiterlesen<\/a><\/p>\n\t\t\t\t<\/div>\n\n\t\t\t\t\n\t\t\t<\/div>\n\n\t\t\n\t\n<\/div>\n\n<h2>Alles wichtige zum Winterlager<\/h2>\n<div class=\"su-tabs su-tabs-style-default su-tabs-mobile-stack su-tabs-vertical\" data-active=\"1\" data-scroll-offset=\"0\" data-anchor-in-url=\"no\"><div class=\"su-tabs-nav\"><span class=\"\" data-url=\"\" data-target=\"blank\" tabindex=\"0\" role=\"button\">Anmelden<\/span><span class=\"\" data-url=\"\" data-target=\"blank\" tabindex=\"0\" role=\"button\">Eckdaten<\/span><span class=\"\" data-url=\"\" data-target=\"blank\" tabindex=\"0\" role=\"button\">Mitmachen<\/span><span class=\"\" data-url=\"\" data-target=\"blank\" tabindex=\"0\" role=\"button\">Winterlager - was ist das?<\/span><span class=\"\" data-url=\"\" data-target=\"blank\" tabindex=\"0\" role=\"button\">Kosten<\/span><span class=\"\" data-url=\"\" data-target=\"blank\" tabindex=\"0\" role=\"button\">Fragen<\/span><\/div><div class=\"su-tabs-panes\"><div class=\"su-tabs-pane su-u-clearfix su-u-trim\" data-title=\"Anmelden\">Die Anmeldung findest du hier im <a href=\"https:\/\/www.jwl.ch\/wp-content\/uploads\/2023\/12\/Info_1-Aktuell.pdf\">Info 1<\/a>.<\/p>\n<p>Werfe sie bis am 14. Januar 2024 in unseren Briefkasten (Jungwacht Littau, Gasshofstr. 2, 6014 Luzern).<\/div>\n<div class=\"su-tabs-pane su-u-clearfix su-u-trim\" data-title=\"Eckdaten\">Unser Winterlager findet vom Samstag <strong>3.<\/strong> bis Freitag <strong>9.02.2024 <\/strong>im Jura statt.<\/div>\n<div class=\"su-tabs-pane su-u-clearfix su-u-trim\" data-title=\"Mitmachen\"><strong>Jedes Kind\/Jugendliche ab der 1. Klasse darf mitkommen.<\/strong> Man muss nicht in der Jungwacht oder im Blauring sein, um mit ins Lager zu kommen.<\/div>\n<div class=\"su-tabs-pane su-u-clearfix su-u-trim\" data-title=\"Winterlager - was ist das?\">Die Jungwacht Littau verbringt jedes Jahr gemeinsam mit dem Blauring Littau eine unvergessliche Woche zu Beginn der Fasnachtsferien. In und um ein grosses Lagerhaus werden wir Aktivit\u00e4ten wie Spielturniere, Gel\u00e4ndespiele und Ateliers machen. Wir basten tolle Sachen und machen einen Ausflug in der Umgebung.<\/p>\n<p>Meistens gibt es am Morgen, Nachmittag und am Abend ein obligatorisches Programm \u00e0 2 \u2013 3 Stunden. Wir legen Wert auf ein abwechslungsreiches Programm und machen verschiedene Sportarten, so dass f\u00fcr jeden was dabei ist. Auch w\u00e4hrend der Freizeit k\u00f6nnen die Kinder zusammen mit Leitungspersonen spielen, werken und eigene Projekte umsetzen.<\/p>\n<p>\u00dcber das ganze Lager hinweg gibt es eine Geschichte (Motto), welche jedes Lager einzigartig macht. Das Motto wird ins Lagerprogramm integriert und ist mitunter eines der Highlights des Lagers.<\/p>\n<p>Neben einem Fr\u00fchst\u00fcck, Mittag- und Abendessen (meist zwei warme Mahlzeiten pro Tag) gibt es auch leckere Zwischenverpflegungen.<\/p>\n<p>Unter der Leitung von jungen Erwachsenen und Jugendlichen so wie unserem Pr\u00e4ses ist f\u00fcr viel Spass, Freude und unvergessliche Momente gesorgt!<\/p>\n<p>Unterst\u00fctzt werden wir dabei unteranderem durch Jugend+Sport (J+S). Ein Coach von J+S kontrolliert unser Lagerprogramm und die Leitungspersonen absolvieren spezielle Ausbildungskurse, so dass jederzeit f\u00fcr eine angemessene Sicherheit gesorgt ist.<\/div>\n<div class=\"su-tabs-pane su-u-clearfix su-u-trim\" data-title=\"Kosten\">Der Lagerbeitrag betr\u00e4gt <strong>200 Franken<\/strong>. Falls mehrere Kinder derselben Familie das Sommerlager besuchen (auch beim Blauring), reduziert sich der Beitrag auf je 180 Franken.<\/p>\n<p>Dabei sein auch mit wenig Geld: Wir sind Partner der <strong>KulturLegi<\/strong>, somit erhalten Kinder und Jugendlichen, die im Besitz der KulturLegi sind, <strong>70% Rabatt<\/strong> =&gt; <a href=\"http:\/\/www.jubla.ch\/kulturlegi\">weitere Infos<\/a><\/p>\n<p>Solltet ihr trotzdem die Lagerkosten nicht aufbringen k\u00f6nnen, meldet euch bitte beim <strong>Pr\u00e4ses Res Wyler<\/strong> (079\u2018530\u201813\u201995).<\/div>\n<div class=\"su-tabs-pane su-u-clearfix su-u-trim\" data-title=\"Fragen\">Wenn ihr noch Fragen habt, so k\u00f6nnt ihr euch direkt bei der Lagerleitung melden:<\/p>\n<p><a href=\"mailto:brun.cedi@bluewin.ch\">Cedric Brun<\/a> 079 104 26 27<\/p>\n<p><a href=\"mailto:alia.wueest@bluewin.ch\">Alia W\u00fcest<\/a> 076 483 15 48<\/div><\/div><\/div>\n<p>&nbsp;<\/p>\n","protected":false},"excerpt":{"rendered":"<p>News aus dem Lager Alles wichtige zum Winterlager &nbsp;<\/p>\n","protected":false},"author":3,"featured_media":0,"parent":1648,"menu_order":0,"comment_status":"closed","ping_status":"closed","template":"","meta":{"footnotes":""},"class_list":["post-120401","page","type-page","status-publish","hentry"],"aioseo_notices":[],"_links":{"self":[{"href":"https:\/\/www.jwl.ch\/index.php?rest_route=\/wp\/v2\/pages\/120401","targetHints":{"allow":["GET"]}}],"collection":[{"href":"https:\/\/www.jwl.ch\/index.php?rest_route=\/wp\/v2\/pages"}],"about":[{"href":"https:\/\/www.jwl.ch\/index.php?rest_route=\/wp\/v2\/types\/page"}],"author":[{"embeddable":true,"href":"https:\/\/www.jwl.ch\/index.php?rest_route=\/wp\/v2\/users\/3"}],"replies":[{"embeddable":true,"href":"https:\/\/www.jwl.ch\/index.php?rest_route=%2Fwp%2Fv2%2Fcomments&post=120401"}],"version-history":[{"count":4,"href":"https:\/\/www.jwl.ch\/index.php?rest_route=\/wp\/v2\/pages\/120401\/revisions"}],"predecessor-version":[{"id":120588,"href":"https:\/\/www.jwl.ch\/index.php?rest_route=\/wp\/v2\/pages\/120401\/revisions\/120588"}],"up":[{"embeddable":true,"href":"https:\/\/www.jwl.ch\/index.php?rest_route=\/wp\/v2\/pages\/1648"}],"wp:attachment":[{"href":"https:\/\/www.jwl.ch\/index.php?rest_route=%2Fwp%2Fv2%2Fmedia&parent=120401"}],"curies":[{"name":"wp","href":"https:\/\/api.w.org\/{rel}","templated":true}]}}